{"id":1602,"date":"2025-04-17T16:32:56","date_gmt":"2025-04-17T16:32:56","guid":{"rendered":"https:\/\/kraltechnologie.net\/?post_type=product&#038;p=1602"},"modified":"2025-04-17T16:54:51","modified_gmt":"2025-04-17T16:54:51","slug":"mikrotik-hap-ax2","status":"publish","type":"product","link":"http:\/\/kraltechnologie.net\/index.php\/product\/mikrotik-hap-ax2\/","title":{"rendered":"Mikrotik hAP ax2"},"content":{"rendered":"<p><img loading=\"lazy\" decoding=\"async\" class=\"alignnone  wp-image-1603\" src=\"http:\/\/kraltechnologie.net\/wp-content\/uploads\/2025\/04\/Screenshot_38-300x78.png\" alt=\"\" width=\"1446\" height=\"376\" srcset=\"http:\/\/kraltechnologie.net\/wp-content\/uploads\/2025\/04\/Screenshot_38-300x78.png 300w, http:\/\/kraltechnologie.net\/wp-content\/uploads\/2025\/04\/Screenshot_38-150x39.png 150w, http:\/\/kraltechnologie.net\/wp-content\/uploads\/2025\/04\/Screenshot_38-768x200.png 768w, http:\/\/kraltechnologie.net\/wp-content\/uploads\/2025\/04\/Screenshot_38.png 949w\" sizes=\"auto, (max-width: 1446px) 100vw, 1446px\" \/><\/p>\n<p><span>Il est temps de booster votre r\u00e9seau domestique avec le r\u00e9seau\u00a0<\/span><b><span>sans fil de 6e g\u00e9n\u00e9ration<\/span><\/b><span>\u00a0et notre dernier-n\u00e9 de la c\u00e9l\u00e8bre s\u00e9rie hAP. Le hAP ax\u00b2 offre tout ce dont vous pourriez avoir besoin dans un point d&rsquo;acc\u00e8s domestique principal, et bien plus encore\u00a0! Oubliez les interminables tests et comparaisons\u00a0: c&rsquo;est l&rsquo;appareil id\u00e9al pour 99\u00a0% des foyers.<\/span><\/p>\n<p><b><span>Le signal sans fil est d\u00e9sormais plus puissant que jamais.<\/span><\/b><span>\u00a0Voici les deux principaux ingr\u00e9dients du succ\u00e8s du hAP ax\u00a0: une radio bi-bande \u00e0 double cha\u00eene 4-4,5\u00a0dBi de pointe, et la norme 802.11ax compatible Wave2. Comparons-le \u00e0 la g\u00e9n\u00e9ration pr\u00e9c\u00e9dente\u00a0: selon votre configuration, cela repr\u00e9sente\u00a0<\/span><b><span>un d\u00e9bit jusqu&rsquo;\u00e0 40\u00a0% sup\u00e9rieur dans la bande des 5\u00a0GHz et jusqu&rsquo;\u00e0 90\u00a0% sup\u00e9rieur dans la bande des 2,4\u00a0GHz\u00a0!<\/span><\/b><\/p>\n<p><span>Certains se demandent peut-\u00eatre pourquoi nous avons besoin de vitesses sans fil plus \u00e9lev\u00e9es. Eh bien, de nombreux cas d&rsquo;utilisation \u00e9taient auparavant impossibles ou difficiles \u00e0 r\u00e9aliser. Par exemple, travailler avec des fichiers multim\u00e9dias volumineux sur le r\u00e9seau sans fil, sans avoir \u00e0 tout t\u00e9l\u00e9charger et t\u00e9l\u00e9verser. Avez-vous vraiment le temps d&rsquo;attendre ? Procurez-vous un hAP ax\u00b2 et gagnez du temps pour l&rsquo;essentiel !<\/span><\/p>\n<p><span>Le processeur quadric\u0153ur moderne cadenc\u00e9 \u00e0 864 MHz, associ\u00e9 \u00e0 une m\u00e9moire RAM cons\u00e9quente, offre une puissance de frappe consid\u00e9rable pour les op\u00e9rations lourdes telles que\u00a0<\/span><b><span>les r\u00e8gles de pare-feu complexes, le chiffrement mat\u00e9riel IPsec, l&rsquo;utilisation de threads suppl\u00e9mentaires ou l&rsquo;exp\u00e9rimentation des fonctionnalit\u00e9s les plus avanc\u00e9es de RouterOS. De plus, gr\u00e2ce \u00e0 la prise en charge du chiffrement avanc\u00e9 WPA3, votre s\u00e9curit\u00e9 est renforc\u00e9e.<\/span><\/b><\/p>\n<p><span>Comme les mod\u00e8les pr\u00e9c\u00e9dents, le hAP ax\u00b2 peut \u00eatre mont\u00e9 verticalement, horizontalement ou m\u00eame sur le mur, sans sacrifier la puissance du signal.<\/span><\/p>\n<p><span>Avec autant de produits et de fonctionnalit\u00e9s disponibles sur le march\u00e9, m\u00eame un utilisateur exp\u00e9riment\u00e9 peut \u00eatre perdu. Il est donc temps de\u00a0<\/span><b><span>faire un choix simple<\/span><\/b><span>\u00a0: un hAP ax\u00b2 est infaillible dans la plupart des foyers.<\/span><\/p>\n","protected":false},"excerpt":{"rendered":"<h2><span>Caract\u00e9ristiques<\/span><\/h2>\n<table class=\"table product-table\">\n<thead>\n<tr>\n<th colspan=\"2\"><span>D\u00e9tails<\/span><\/th>\n<\/tr>\n<\/thead>\n<tbody>\n<tr>\n<td><span>Code produit<\/span><\/td>\n<td><span>C52iG-5HaxD2HaxD-TC<\/span><\/td>\n<\/tr>\n<tr>\n<td><span>Architecture<\/span><\/td>\n<td><span>ARM 64 bits<\/span><\/td>\n<\/tr>\n<tr>\n<td><span>processeur<\/span><\/td>\n<td><span>IPQ-6010<\/span><\/td>\n<\/tr>\n<tr>\n<td><span>Nombre de c\u0153urs du processeur<\/span><\/td>\n<td><span>4<\/span><\/td>\n<\/tr>\n<tr>\n<td><span>fr\u00e9quence nominale du processeur<\/span><\/td>\n<td><span>864 MHz<\/span><\/td>\n<\/tr>\n<tr>\n<td><span>Mod\u00e8le de puce de commutation<\/span><\/td>\n<td><span>IPQ-6010<\/span><\/td>\n<\/tr>\n<tr>\n<td><span>Licence RouterOS<\/span><\/td>\n<td><span>4<\/span><\/td>\n<\/tr>\n<tr>\n<td><span>Syst\u00e8me op\u00e9rateur<\/span><\/td>\n<td><a href=\"https:\/\/help.mikrotik.com\/docs\/display\/ROS\/RouterOS\" target=\"_blank\" rel=\"noopener\"><span>RouterOS v7<\/span><\/a><\/td>\n<\/tr>\n<tr>\n<td><span>Taille de la RAM<\/span><\/td>\n<td><span>1 Go<\/span><\/td>\n<\/tr>\n<tr>\n<td><span>Taille de stockage<\/span><\/td>\n<td><span>128 Mo<\/span><\/td>\n<\/tr>\n<tr>\n<td><span>Type de stockage<\/span><\/td>\n<td><span>NAND<\/span><\/td>\n<\/tr>\n<tr>\n<td><span>MTBF<\/span><\/td>\n<td><span>Environ 100 000 heures \u00e0 25 \u00b0C<\/span><\/td>\n<\/tr>\n<tr>\n<td><span>Temp\u00e9rature ambiante test\u00e9e<\/span><\/td>\n<td><span>-40\u00b0C \u00e0 50\u00b0C<\/span><\/td>\n<\/tr>\n<tr>\n<td><span>Acc\u00e9l\u00e9ration mat\u00e9rielle IPsec<\/span><\/td>\n<td><span>Oui<\/span><\/td>\n<\/tr>\n<tr>\n<td><\/td>\n<td><\/td>\n<\/tr>\n<\/tbody>\n<\/table>\n<div class=\"clearfix\"><\/div>\n<h2><span>Capacit\u00e9s sans fil<\/span><\/h2>\n<table class=\"table product-table\">\n<thead>\n<tr>\n<th colspan=\"2\"><span>D\u00e9tails<\/span><\/th>\n<\/tr>\n<\/thead>\n<tbody>\n<tr>\n<td><span>D\u00e9bit de donn\u00e9es maximal sans fil de 2,4 GHz<\/span><\/td>\n<td><span>574 Mbit\/s<\/span><\/td>\n<\/tr>\n<tr>\n<td><span>Nombre de cha\u00eenes sans fil 2,4 GHz<\/span><\/td>\n<td><span>2<\/span><\/td>\n<\/tr>\n<tr>\n<td><span>Normes sans fil 2,4 GHz<\/span><\/td>\n<td><span>802.11b\/g\/n\/ax<\/span><\/td>\n<\/tr>\n<tr>\n<td><span>Gain d&rsquo;antenne dBi pour 2,4 GHz<\/span><\/td>\n<td><span>4<\/span><\/td>\n<\/tr>\n<tr>\n<td><span>Mod\u00e8le de puce sans fil 2,4 GHz<\/span><\/td>\n<td><span>QCN-5022<\/span><\/td>\n<\/tr>\n<tr>\n<td><span>G\u00e9n\u00e9ration sans fil 2,4 GHz<\/span><\/td>\n<td><span>Wi-Fi 6<\/span><\/td>\n<\/tr>\n<tr>\n<td><span>D\u00e9bit de donn\u00e9es maximal sans fil de 5 GHz<\/span><\/td>\n<td><span>1200 Mbit\/s<\/span><\/td>\n<\/tr>\n<tr>\n<td><span>Nombre de cha\u00eenes sans fil 5 GHz<\/span><\/td>\n<td><span>2<\/span><\/td>\n<\/tr>\n<tr>\n<td><span>Normes sans fil 5 GHz<\/span><\/td>\n<td><span>802.11a\/n\/ac\/ax<\/span><\/td>\n<\/tr>\n<tr>\n<td><span>Gain d&rsquo;antenne dBi pour 5 GHz<\/span><\/td>\n<td><span>4,5<\/span><\/td>\n<\/tr>\n<tr>\n<td><span>Mod\u00e8le de puce sans fil 5 GHz<\/span><\/td>\n<td><span>QCN-5052<\/span><\/td>\n<\/tr>\n<tr>\n<td><span>G\u00e9n\u00e9ration sans fil 5 GHz<\/span><\/td>\n<td><span>Wi-Fi 6<\/span><\/td>\n<\/tr>\n<tr>\n<td><span>Vitesse du Wi-Fi<\/span><\/td>\n<td><span>AX1800<\/span><\/td>\n<\/tr>\n<\/tbody>\n<\/table>\n<div class=\"clearfix\"><\/div>\n<h2><span>Ethernet<\/span><\/h2>\n<table class=\"table product-table\">\n<thead>\n<tr>\n<th colspan=\"2\"><span>D\u00e9tails<\/span><\/th>\n<\/tr>\n<\/thead>\n<tbody>\n<tr>\n<td><span>Ports Ethernet 10\/100\/1000<\/span><\/td>\n<td><span>5<\/span><\/td>\n<\/tr>\n<tr>\n<td><span>Nombre de ports Ethernet 1G avec sortie PoE<\/span><\/td>\n<td><span>1<\/span><\/td>\n<\/tr>\n<\/tbody>\n<\/table>\n<div class=\"clearfix\"><\/div>\n<h2><span>Mise sous tension<\/span><\/h2>\n<table class=\"table product-table\">\n<thead>\n<tr>\n<th colspan=\"2\"><span>D\u00e9tails<\/span><\/th>\n<\/tr>\n<\/thead>\n<tbody>\n<tr>\n<td><span>Nombre d&rsquo;entr\u00e9es CC<\/span><\/td>\n<td><span>2 (prise CC, PoE-IN)<\/span><\/td>\n<\/tr>\n<tr>\n<td><span>Tension d&rsquo;entr\u00e9e de la prise CC<\/span><\/td>\n<td><span>12-28 V<\/span><\/td>\n<\/tr>\n<tr>\n<td><span>Consommation \u00e9lectrique maximale<\/span><\/td>\n<td><span>27 W<\/span><\/td>\n<\/tr>\n<tr>\n<td><span>Consommation \u00e9lectrique maximale sans accessoires<\/span><\/td>\n<td><span>12 W<\/span><\/td>\n<\/tr>\n<tr>\n<td><span>Type de refroidissement<\/span><\/td>\n<td><span>Passif<\/span><\/td>\n<\/tr>\n<tr>\n<td><span>PoE dans<\/span><\/td>\n<td><span>PoE passif<\/span><\/td>\n<\/tr>\n<tr>\n<td><span>PoE en tension d&rsquo;entr\u00e9e<\/span><\/td>\n<td><span>18-28 V<\/span><\/td>\n<\/tr>\n<\/tbody>\n<\/table>\n<div class=\"clearfix\"><\/div>\n<h2><span>Sortie PoE<\/span><\/h2>\n<table class=\"table product-table\">\n<thead>\n<tr>\n<th colspan=\"2\"><span>D\u00e9tails<\/span><\/th>\n<\/tr>\n<\/thead>\n<tbody>\n<tr>\n<td><span>Ports de sortie PoE<\/span><\/td>\n<td><span>\u00c9ther 1<\/span><\/td>\n<\/tr>\n<tr>\n<td><span>Sortie PoE<\/span><\/td>\n<td><span>PoE passif<\/span><\/td>\n<\/tr>\n<tr>\n<td><span>Sortie maximale par port (entr\u00e9e 18-30 V)<\/span><\/td>\n<td><span>600 mA<\/span><\/td>\n<\/tr>\n<tr>\n<td><span>Sortie totale maximale (A)<\/span><\/td>\n<td><span>0,6 A<\/span><\/td>\n<\/tr>\n<tr>\n<td><span>Courant de sortie total<\/span><\/td>\n<td><span>0,6<\/span><\/td>\n<\/tr>\n<tr>\n<td><span>Puissance de sortie totale<\/span><\/td>\n<td><span>16,8 W<\/span><\/td>\n<\/tr>\n<\/tbody>\n<\/table>\n<div class=\"clearfix\"><\/div>\n<h2><span>Certification et approbations<\/span><\/h2>\n<table class=\"table product-table\">\n<thead>\n<tr>\n<th colspan=\"2\"><span>D\u00e9tails<\/span><\/th>\n<\/tr>\n<\/thead>\n<tbody>\n<tr>\n<td><span>Certification<\/span><\/td>\n<td><span>CE, FCC, IC, EAC, ROHS<\/span><\/td>\n<\/tr>\n<tr>\n<td><span>propri\u00e9t\u00e9 intellectuelle<\/span><\/td>\n<td><span>20<\/span><\/td>\n<\/tr>\n<\/tbody>\n<\/table>\n<div class=\"clearfix\"><\/div>\n<h2><span>Autre<\/span><\/h2>\n<table class=\"table product-table\">\n<thead>\n<tr>\n<th colspan=\"2\"><span>D\u00e9tails<\/span><\/th>\n<\/tr>\n<\/thead>\n<tbody>\n<tr>\n<td><span>moniteur de temp\u00e9rature du processeur<\/span><\/td>\n<td><span>Oui<\/span><\/td>\n<\/tr>\n<tr>\n<td><span>Bouton de mode<\/span><\/td>\n<td><span>Oui<\/span><\/td>\n<\/tr>\n<\/tbody>\n<\/table>\n<div class=\"clearfix\"><\/div>\n<h2><span>Sp\u00e9cifications sans fil<\/span><\/h2>\n<table class=\"table product-table\">\n<thead>\n<tr>\n<th><span>2,4 GHz<\/span><\/th>\n<th><span>Transmission (dBm)<\/span><\/th>\n<th><span>Sensibilit\u00e9 de r\u00e9ception<\/span><\/th>\n<\/tr>\n<\/thead>\n<tbody>\n<tr>\n<td><span>1 Mbit\/s<\/span><\/td>\n<td><span>27<\/span><\/td>\n<td><span>-100<\/span><\/td>\n<\/tr>\n<tr>\n<td><span>11 Mbit\/s<\/span><\/td>\n<td><span>27<\/span><\/td>\n<td><span>-94<\/span><\/td>\n<\/tr>\n<tr>\n<td><span>6 Mbit\/s<\/span><\/td>\n<td><span>27<\/span><\/td>\n<td><span>-96<\/span><\/td>\n<\/tr>\n<tr>\n<td><span>54 Mbit\/s<\/span><\/td>\n<td><span>25<\/span><\/td>\n<td><span>-80<\/span><\/td>\n<\/tr>\n<tr>\n<td><span>MCS0<\/span><\/td>\n<td><span>27<\/span><\/td>\n<td><span>-96<\/span><\/td>\n<\/tr>\n<tr>\n<td><span>MCS7<\/span><\/td>\n<td><span>24<\/span><\/td>\n<td><span>-75<\/span><\/td>\n<\/tr>\n<tr>\n<td><span>MCS9<\/span><\/td>\n<td><span>22<\/span><\/td>\n<td><span>-70<\/span><\/td>\n<\/tr>\n<tr>\n<td><span>MCS11<\/span><\/td>\n<td><span>20<\/span><\/td>\n<td><span>-67<\/span><\/td>\n<\/tr>\n<\/tbody>\n<\/table>\n<div class=\"clearfix\"><\/div>\n<table class=\"table product-table\">\n<thead>\n<tr>\n<th><span>5 GHz<\/span><\/th>\n<th><span>Transmission (dBm)<\/span><\/th>\n<th><span>Sensibilit\u00e9 de r\u00e9ception<\/span><\/th>\n<\/tr>\n<\/thead>\n<tbody>\n<tr>\n<td><span>6 Mbit\/s<\/span><\/td>\n<td><span>26<\/span><\/td>\n<td><span>-96<\/span><\/td>\n<\/tr>\n<tr>\n<td><span>54 Mbit\/s<\/span><\/td>\n<td><span>23<\/span><\/td>\n<td><span>-80<\/span><\/td>\n<\/tr>\n<tr>\n<td><span>MCS0<\/span><\/td>\n<td><span>26<\/span><\/td>\n<td><span>-96<\/span><\/td>\n<\/tr>\n<tr>\n<td><span>MCS7<\/span><\/td>\n<td><span>22<\/span><\/td>\n<td><span>-75<\/span><\/td>\n<\/tr>\n<tr>\n<td><span>MCS9<\/span><\/td>\n<td><span>20<\/span><\/td>\n<td><span>-70<\/span><\/td>\n<\/tr>\n<tr>\n<td><span>MCS11<\/span><\/td>\n<td><span>18<\/span><\/td>\n<td><span>-67<\/span><\/td>\n<\/tr>\n<\/tbody>\n<\/table>\n","protected":false},"featured_media":1606,"comment_status":"open","ping_status":"closed","template":"","meta":{"_joinchat":[]},"product_brand":[72],"product_cat":[35,42],"product_tag":[],"class_list":{"0":"post-1602","1":"product","2":"type-product","3":"status-publish","4":"has-post-thumbnail","6":"product_brand-mikrotik","7":"product_cat-informatiques","8":"product_cat-routeurs","10":"first","11":"instock","12":"shipping-taxable","13":"product-type-simple"},"_links":{"self":[{"href":"http:\/\/kraltechnologie.net\/index.php\/wp-json\/wp\/v2\/product\/1602","targetHints":{"allow":["GET"]}}],"collection":[{"href":"http:\/\/kraltechnologie.net\/index.php\/wp-json\/wp\/v2\/product"}],"about":[{"href":"http:\/\/kraltechnologie.net\/index.php\/wp-json\/wp\/v2\/types\/product"}],"replies":[{"embeddable":true,"href":"http:\/\/kraltechnologie.net\/index.php\/wp-json\/wp\/v2\/comments?post=1602"}],"version-history":[{"count":1,"href":"http:\/\/kraltechnologie.net\/index.php\/wp-json\/wp\/v2\/product\/1602\/revisions"}],"predecessor-version":[{"id":1607,"href":"http:\/\/kraltechnologie.net\/index.php\/wp-json\/wp\/v2\/product\/1602\/revisions\/1607"}],"wp:featuredmedia":[{"embeddable":true,"href":"http:\/\/kraltechnologie.net\/index.php\/wp-json\/wp\/v2\/media\/1606"}],"wp:attachment":[{"href":"http:\/\/kraltechnologie.net\/index.php\/wp-json\/wp\/v2\/media?parent=1602"}],"wp:term":[{"taxonomy":"product_brand","embeddable":true,"href":"http:\/\/kraltechnologie.net\/index.php\/wp-json\/wp\/v2\/product_brand?post=1602"},{"taxonomy":"product_cat","embeddable":true,"href":"http:\/\/kraltechnologie.net\/index.php\/wp-json\/wp\/v2\/product_cat?post=1602"},{"taxonomy":"product_tag","embeddable":true,"href":"http:\/\/kraltechnologie.net\/index.php\/wp-json\/wp\/v2\/product_tag?post=1602"}],"curies":[{"name":"wp","href":"https:\/\/api.w.org\/{rel}","templated":true}]}}