{"id":1763,"date":"2025-04-18T12:45:18","date_gmt":"2025-04-18T12:45:18","guid":{"rendered":"https:\/\/kraltechnologie.net\/?post_type=product&#038;p=1763"},"modified":"2025-05-05T15:00:58","modified_gmt":"2025-05-05T15:00:58","slug":"ubiquiti-airmax-powerbeam-5ac","status":"publish","type":"product","link":"http:\/\/kraltechnologie.net\/index.php\/product\/ubiquiti-airmax-powerbeam-5ac\/","title":{"rendered":"Ubiquiti airMAX PowerBeam 5AC"},"content":{"rendered":"<div class=\"description-block clearfix p-0\">\n<table id=\"product-attribute-specs-table\" class=\"data-table\">\n<colgroup>\n<col width=\"25%\" \/>\n<col \/><\/colgroup>\n<tbody>\n<tr>\n<th colspan=\"100%\"><span style=\"vertical-align: inherit;\"><span style=\"vertical-align: inherit;\"><span style=\"vertical-align: inherit;\">M\u00e9canique<\/span><\/span><\/span><\/th>\n<\/tr>\n<tr>\n<td class=\"key\"><span style=\"vertical-align: inherit;\"><span style=\"vertical-align: inherit;\"><span style=\"vertical-align: inherit;\">Dimensions<\/span><\/span><\/span><\/td>\n<td class=\"value\"><span style=\"vertical-align: inherit;\"><span style=\"vertical-align: inherit;\"><span style=\"vertical-align: inherit;\">420 x 420 x 230 mm (16,5 x 16,5 x 9,1&Prime;)<\/span><\/span><\/span><\/td>\n<\/tr>\n<tr>\n<td class=\"key\"><span style=\"vertical-align: inherit;\"><span style=\"vertical-align: inherit;\"><span style=\"vertical-align: inherit;\">Poids<\/span><\/span><\/span><\/td>\n<td class=\"value\"><span style=\"vertical-align: inherit;\"><span style=\"vertical-align: inherit;\"><span style=\"vertical-align: inherit;\">2,2 kg (4,9 lb)<\/span><\/span><\/span><\/td>\n<\/tr>\n<tr>\n<td class=\"key\"><span style=\"vertical-align: inherit;\"><span style=\"vertical-align: inherit;\"><span style=\"vertical-align: inherit;\">Mat\u00e9riau de l&rsquo;enceinte<\/span><\/span><\/span><\/td>\n<td class=\"value\"><span style=\"vertical-align: inherit;\"><span style=\"vertical-align: inherit;\"><span style=\"vertical-align: inherit;\">Plastique stabilis\u00e9 aux UV, rev\u00eatement en poudre SPCC<\/span><\/span><\/span><\/td>\n<\/tr>\n<tr>\n<td class=\"key\"><span style=\"vertical-align: inherit;\"><span style=\"vertical-align: inherit;\"><span style=\"vertical-align: inherit;\">Charge due au vent<\/span><\/span><\/span><\/td>\n<td class=\"value\"><span style=\"vertical-align: inherit;\"><span style=\"vertical-align: inherit;\"><span style=\"vertical-align: inherit;\">380 N \u00e0 200 km\/h (85,4 lbf \u00e0 125 mph)<\/span><\/span><\/span><\/td>\n<\/tr>\n<tr>\n<td class=\"key\"><span style=\"vertical-align: inherit;\"><span style=\"vertical-align: inherit;\"><span style=\"vertical-align: inherit;\">Survivabilit\u00e9 au vent<\/span><\/span><\/span><\/td>\n<td class=\"value\"><span style=\"vertical-align: inherit;\"><span style=\"vertical-align: inherit;\"><span style=\"vertical-align: inherit;\">200 km\/h (125 mph)<\/span><\/span><\/span><\/td>\n<\/tr>\n<tr>\n<td class=\"key\"><span style=\"vertical-align: inherit;\"><span style=\"vertical-align: inherit;\"><span style=\"vertical-align: inherit;\">Montage<\/span><\/span><\/span><\/td>\n<td class=\"value\"><span style=\"vertical-align: inherit;\"><span style=\"vertical-align: inherit;\"><span style=\"vertical-align: inherit;\">Kit de montage sur poteau (inclus)<\/span><\/span><\/span><\/td>\n<\/tr>\n<tr>\n<th colspan=\"100%\"><span style=\"vertical-align: inherit;\"><span style=\"vertical-align: inherit;\"><span style=\"vertical-align: inherit;\">Mat\u00e9riel<\/span><\/span><\/span><\/th>\n<\/tr>\n<tr>\n<td class=\"key\"><span style=\"vertical-align: inherit;\"><span style=\"vertical-align: inherit;\"><span style=\"vertical-align: inherit;\">Interface r\u00e9seau<\/span><\/span><\/span><\/td>\n<td class=\"value\"><span style=\"vertical-align: inherit;\"><span style=\"vertical-align: inherit;\"><span style=\"vertical-align: inherit;\">(1) Port RJ45 GbE<\/span><\/span><\/span><\/td>\n<\/tr>\n<tr>\n<td class=\"key\"><span style=\"vertical-align: inherit;\"><span style=\"vertical-align: inherit;\"><span style=\"vertical-align: inherit;\">M\u00e9thode de puissance<\/span><\/span><\/span><\/td>\n<td class=\"value\"><span style=\"vertical-align: inherit;\"><span style=\"vertical-align: inherit;\"><span style=\"vertical-align: inherit;\">PoE passif 2 paires (4, 5+ ; 7, 8 retour)<\/span><\/span><\/span><\/td>\n<\/tr>\n<tr>\n<td class=\"key\"><span style=\"vertical-align: inherit;\"><span style=\"vertical-align: inherit;\"><span style=\"vertical-align: inherit;\">Consommation \u00e9lectrique maximale<\/span><\/span><\/span><\/td>\n<td class=\"value\"><span style=\"vertical-align: inherit;\"><span style=\"vertical-align: inherit;\"><span style=\"vertical-align: inherit;\">8,5 W<\/span><\/span><\/span><\/td>\n<\/tr>\n<tr>\n<td class=\"key\"><span style=\"vertical-align: inherit;\"><span style=\"vertical-align: inherit;\"><span style=\"vertical-align: inherit;\">Plage de tension prise en charge<\/span><\/span><\/span><\/td>\n<td class=\"value\"><span style=\"vertical-align: inherit;\"><span style=\"vertical-align: inherit;\"><span style=\"vertical-align: inherit;\">20 \u00e0 27 V CC<\/span><\/span><\/span><\/td>\n<\/tr>\n<tr>\n<td class=\"key\"><span style=\"vertical-align: inherit;\"><span style=\"vertical-align: inherit;\"><span style=\"vertical-align: inherit;\">Alimentation \u00e9lectrique<\/span><\/span><\/span><\/td>\n<td class=\"value\"><span style=\"vertical-align: inherit;\"><span style=\"vertical-align: inherit;\"><span style=\"vertical-align: inherit;\">Adaptateur PoE gigabit 24 V, 0,5 A (inclus)<\/span><\/span><\/span><\/td>\n<\/tr>\n<tr>\n<td class=\"key\"><span style=\"vertical-align: inherit;\"><span style=\"vertical-align: inherit;\"><span style=\"vertical-align: inherit;\">Protection ESD\/EMP<\/span><\/span><\/span><\/td>\n<td class=\"value\"><span style=\"vertical-align: inherit;\"><span style=\"vertical-align: inherit;\"><span style=\"vertical-align: inherit;\">Air\/contact : \u00b1 24 kV<\/span><\/span><\/span><\/td>\n<\/tr>\n<tr>\n<td class=\"key\"><span style=\"vertical-align: inherit;\"><span style=\"vertical-align: inherit;\"><span style=\"vertical-align: inherit;\">DIRIG\u00c9<\/span><\/span><\/span><\/td>\n<td class=\"value\"><span style=\"vertical-align: inherit;\"><span style=\"vertical-align: inherit;\"><span style=\"vertical-align: inherit;\">(1) Alimentation, (1) LAN, (4) WLAN<\/span><\/span><\/span><\/td>\n<\/tr>\n<tr>\n<td class=\"key\"><span style=\"vertical-align: inherit;\"><span style=\"vertical-align: inherit;\"><span style=\"vertical-align: inherit;\">Test au brouillard salin<\/span><\/span><\/span><\/td>\n<td class=\"value\"><span style=\"vertical-align: inherit;\"><span style=\"vertical-align: inherit;\"><span style=\"vertical-align: inherit;\">IEC 68-2-11 (ASTM B117) <\/span><\/span><\/span><br \/>\n<span style=\"vertical-align: inherit;\"><span style=\"vertical-align: inherit;\"><span style=\"vertical-align: inherit;\">\u00c9quivalent : MIL-STD-810 G m\u00e9thode 509.5<\/span><\/span><\/span><\/td>\n<\/tr>\n<tr>\n<td class=\"key\"><span style=\"vertical-align: inherit;\"><span style=\"vertical-align: inherit;\"><span style=\"vertical-align: inherit;\">Essai de vibration<\/span><\/span><\/span><\/td>\n<td class=\"value\"><span style=\"vertical-align: inherit;\"><span style=\"vertical-align: inherit;\"><span style=\"vertical-align: inherit;\">CEI 68-2-6<\/span><\/span><\/span><\/td>\n<\/tr>\n<tr>\n<td class=\"key\"><span style=\"vertical-align: inherit;\"><span style=\"vertical-align: inherit;\"><span style=\"vertical-align: inherit;\">Test de choc thermique<\/span><\/span><\/span><\/td>\n<td class=\"value\"><span style=\"vertical-align: inherit;\"><span style=\"vertical-align: inherit;\"><span style=\"vertical-align: inherit;\">CEI 68-2-14<\/span><\/span><\/span><\/td>\n<\/tr>\n<tr>\n<td class=\"key\"><span style=\"vertical-align: inherit;\"><span style=\"vertical-align: inherit;\"><span style=\"vertical-align: inherit;\">test UV<\/span><\/span><\/span><\/td>\n<td class=\"value\"><span style=\"vertical-align: inherit;\"><span style=\"vertical-align: inherit;\"><span style=\"vertical-align: inherit;\">CEI 68-2-5 \u00e0 40 \u00b0C (104 \u00b0F) <\/span><\/span><\/span><br \/>\n<span style=\"vertical-align: inherit;\"><span style=\"vertical-align: inherit;\"><span style=\"vertical-align: inherit;\">\u00c9quivalent : ETS 300 019-1-4<\/span><\/span><\/span><\/td>\n<\/tr>\n<tr>\n<td class=\"key\"><span style=\"vertical-align: inherit;\"><span style=\"vertical-align: inherit;\"><span style=\"vertical-align: inherit;\">Test de pluie pouss\u00e9e par le vent<\/span><\/span><\/span><\/td>\n<td class=\"value\"><span style=\"vertical-align: inherit;\"><span style=\"vertical-align: inherit;\"><span style=\"vertical-align: inherit;\">ETS 300 019-1-4 <\/span><\/span><\/span><br \/>\n<span style=\"vertical-align: inherit;\"><span style=\"vertical-align: inherit;\"><span style=\"vertical-align: inherit;\">\u00c9quivalent : MIL-STD-810 G m\u00e9thode 506.5<\/span><\/span><\/span><\/td>\n<\/tr>\n<tr>\n<td class=\"key\"><span style=\"vertical-align: inherit;\"><span style=\"vertical-align: inherit;\"><span style=\"vertical-align: inherit;\">Temp\u00e9rature ambiante de fonctionnement<\/span><\/span><\/span><\/td>\n<td class=\"value\"><span style=\"vertical-align: inherit;\"><span style=\"vertical-align: inherit;\"><span style=\"vertical-align: inherit;\">-40 \u00e0 70 \u00b0C (-40 \u00e0 158 \u00b0F)<\/span><\/span><\/span><\/td>\n<\/tr>\n<tr>\n<td class=\"key\"><span style=\"vertical-align: inherit;\"><span style=\"vertical-align: inherit;\"><span style=\"vertical-align: inherit;\">Humidit\u00e9 ambiante de fonctionnement<\/span><\/span><\/span><\/td>\n<td class=\"value\"><span style=\"vertical-align: inherit;\"><span style=\"vertical-align: inherit;\"><span style=\"vertical-align: inherit;\">5 \u00e0 95 % sans condensation<\/span><\/span><\/span><\/td>\n<\/tr>\n<tr>\n<td class=\"key\"><span style=\"vertical-align: inherit;\"><span style=\"vertical-align: inherit;\"><span style=\"vertical-align: inherit;\">Certifications<\/span><\/span><\/span><\/td>\n<td class=\"value\"><span style=\"vertical-align: inherit;\"><span style=\"vertical-align: inherit;\"><span style=\"vertical-align: inherit;\">CE, FCC, IC, RoHS<\/span><\/span><\/span><\/td>\n<\/tr>\n<tr>\n<td class=\"key\"><span style=\"vertical-align: inherit;\"><span style=\"vertical-align: inherit;\"><span style=\"vertical-align: inherit;\">Conforme \u00e0 la NDAA<\/span><\/span><\/span><\/td>\n<td class=\"value\"><span style=\"vertical-align: inherit;\"><span style=\"vertical-align: inherit;\"><span style=\"vertical-align: inherit;\">Oui<\/span><\/span><\/span><\/td>\n<\/tr>\n<tr>\n<th colspan=\"100%\"><span style=\"vertical-align: inherit;\"><span style=\"vertical-align: inherit;\"><span style=\"vertical-align: inherit;\">Syst\u00e8me<\/span><\/span><\/span><\/th>\n<\/tr>\n<tr>\n<td class=\"key\"><span style=\"vertical-align: inherit;\"><span style=\"vertical-align: inherit;\"><span style=\"vertical-align: inherit;\">Gagner<\/span><\/span><\/span><\/td>\n<td class=\"value\"><span style=\"vertical-align: inherit;\"><span style=\"vertical-align: inherit;\"><span style=\"vertical-align: inherit;\">25 dBi<\/span><\/span><\/span><\/td>\n<\/tr>\n<tr>\n<td class=\"key\"><span style=\"vertical-align: inherit;\"><span style=\"vertical-align: inherit;\"><span style=\"vertical-align: inherit;\">Tailles des canaux<\/span><\/span><\/span><\/td>\n<td class=\"value\"><span style=\"vertical-align: inherit;\"><span style=\"vertical-align: inherit;\"><span style=\"vertical-align: inherit;\">Mode PtP : 10\/20\/30\/40\/50\/60\/80 MHz <\/span><\/span><\/span><br \/>\n<span style=\"vertical-align: inherit;\"><span style=\"vertical-align: inherit;\"><span style=\"vertical-align: inherit;\">Mode PtMP : 10\/20\/30\/40 MHz<\/span><\/span><\/span><\/td>\n<\/tr>\n<tr>\n<th colspan=\"100%\"><span style=\"vertical-align: inherit;\"><span style=\"vertical-align: inherit;\"><span style=\"vertical-align: inherit;\">Fr\u00e9quence de fonctionnement (MHz)<\/span><\/span><\/span><\/th>\n<\/tr>\n<tr>\n<td class=\"key\"><span style=\"vertical-align: inherit;\"><span style=\"vertical-align: inherit;\"><span style=\"vertical-align: inherit;\">Mondial<\/span><\/span><\/span><\/td>\n<td class=\"value\"><span style=\"vertical-align: inherit;\"><span style=\"vertical-align: inherit;\"><span style=\"vertical-align: inherit;\">5150-5875 MHz<\/span><\/span><\/span><\/td>\n<\/tr>\n<tr>\n<td class=\"key\"><span style=\"vertical-align: inherit;\"><span style=\"vertical-align: inherit;\"><span style=\"vertical-align: inherit;\">\u00c9tats-Unis <\/span><\/span><\/span><br \/>\n<span style=\"vertical-align: inherit;\"><span style=\"vertical-align: inherit;\"><span style=\"vertical-align: inherit;\">U-NII-1 <\/span><\/span><\/span><br \/>\n<span style=\"vertical-align: inherit;\"><span style=\"vertical-align: inherit;\"><span style=\"vertical-align: inherit;\">U-NII-2A <\/span><\/span><\/span><br \/>\n<span style=\"vertical-align: inherit;\"><span style=\"vertical-align: inherit;\"><span style=\"vertical-align: inherit;\">U-NII-2C <\/span><\/span><\/span><br \/>\n<span style=\"vertical-align: inherit;\"><span style=\"vertical-align: inherit;\"><span style=\"vertical-align: inherit;\">U-NII-3<\/span><\/span><\/span><\/td>\n<td class=\"value\"><span style=\"vertical-align: inherit;\"><span style=\"vertical-align: inherit;\"><span style=\"vertical-align: inherit;\">5150-5250 MHz <\/span><\/span><\/span><br \/>\n<span style=\"vertical-align: inherit;\"><span style=\"vertical-align: inherit;\"><span style=\"vertical-align: inherit;\">5250-5350 MHz <\/span><\/span><\/span><br \/>\n<span style=\"vertical-align: inherit;\"><span style=\"vertical-align: inherit;\"><span style=\"vertical-align: inherit;\">5240-5725 MHz <\/span><\/span><\/span><br \/>\n<span style=\"vertical-align: inherit;\"><span style=\"vertical-align: inherit;\"><span style=\"vertical-align: inherit;\">5725-5850 MHz<\/span><\/span><\/span><\/td>\n<\/tr>\n<tr>\n<th colspan=\"100%\"><span style=\"vertical-align: inherit;\"><span style=\"vertical-align: inherit;\"><span style=\"vertical-align: inherit;\">Radio de gestion (MHz)<\/span><\/span><\/span><\/th>\n<\/tr>\n<tr>\n<td class=\"key\"><span style=\"vertical-align: inherit;\"><span style=\"vertical-align: inherit;\"><span style=\"vertical-align: inherit;\">Mondial<\/span><\/span><\/span><\/td>\n<td class=\"value\"><span style=\"vertical-align: inherit;\"><span style=\"vertical-align: inherit;\"><span style=\"vertical-align: inherit;\">2412 &#8211; 2472 MHz<\/span><\/span><\/span><\/td>\n<\/tr>\n<tr>\n<td class=\"key\"><span style=\"vertical-align: inherit;\"><span style=\"vertical-align: inherit;\"><span style=\"vertical-align: inherit;\">\u00c9tats-Unis\/Canada<\/span><\/span><\/span><\/td>\n<td class=\"value\"><span style=\"vertical-align: inherit;\"><span style=\"vertical-align: inherit;\"><span style=\"vertical-align: inherit;\">2412 &#8211; 2462 MHz<\/span><\/span><\/span><\/td>\n<\/tr>\n<\/tbody>\n<\/table>\n<\/div>\n<div class=\"description-block clearfix\">\n<div class=\"description-block-content text-style-normal text-align-justify text-color-charcoal media-content media-align-left\">\n<div class=\"media-content-description\">\n<div class=\"media-content-description--text\"><\/div>\n<\/div>\n<\/div>\n<\/div>\n","protected":false},"excerpt":{"rendered":"<div class=\"description-block clearfix p-0\">\n<h2 class=\"description-block-title text-align-center text-style-normal text-color-charcoal\"><span style=\"vertical-align: inherit;\"><span style=\"vertical-align: inherit;\"><span style=\"vertical-align: inherit;\">Pont point \u00e0 point (PtP) 5 GHz haute performance avec r\u00e9flecteur parabolique int\u00e9gr\u00e9. Il offre un d\u00e9bit de plus de 450 Mbps et une port\u00e9e de plus de 15 km.<\/span><\/span><\/span><\/h2>\n<\/div>\n<div class=\"description-block clearfix\">\n<div class=\"description-block-content text-style-normal text-align-justify text-color-charcoal\"><span style=\"vertical-align: inherit;\"><span style=\"vertical-align: inherit;\"><span style=\"vertical-align: inherit;\">L&rsquo;airMAX PowerBeam 5AC Gen2, portant la r\u00e9f\u00e9rence PBE-5AC-Gen2, est un pont r\u00e9seau sans fil de pointe d\u00e9velopp\u00e9 par Ubiquiti Networks. Cet appareil est con\u00e7u pour offrir une connectivit\u00e9 point \u00e0 point (PtP) et point \u00e0 multipoint (PtMP) exceptionnelle, ce qui en fait un composant int\u00e9gral des r\u00e9seaux sans fil modernes \u00e0 haut d\u00e9bit. Fonctionnant dans la bande de fr\u00e9quence 5 GHz, le PowerBeam 5AC Gen2 utilise la technologie propri\u00e9taire airMAX ac d&rsquo;Ubiquiti pour offrir un d\u00e9bit, une stabilit\u00e9 de r\u00e9seau et une \u00e9volutivit\u00e9 sup\u00e9rieure.<\/span><\/span><\/span><\/div>\n<\/div>\n<div class=\"description-block clearfix\">\n<div class=\"description-block-content text-style-normal text-align-justify text-color-charcoal media-content media-align-left\">\n<div class=\"media-content-description\">\n<div class=\"media-content-description--text\"><span style=\"vertical-align: inherit;\"><span style=\"vertical-align: inherit;\"><span style=\"vertical-align: inherit;\">Le PowerBeam 5AC Gen2 est enti\u00e8rement compatible avec d&rsquo;autres appareils airMAX ac. Cela inclut une grande vari\u00e9t\u00e9 de points d&rsquo;acc\u00e8s sans fil ext\u00e9rieurs, de ponts et d&rsquo;\u00e9quipements de clients locaux (CPE) d&rsquo;Ubiquiti qui utilisent \u00e9galement la technologie airMAX ac. Cette compatibilit\u00e9 garantit des connexions point \u00e0 point (PtP) et point \u00e0 multipoint (PtMP) efficaces, permettant aux op\u00e9rateurs de r\u00e9seaux de concevoir des r\u00e9seaux sans fil flexibles et de grande capacit\u00e9 qui peuvent \u00eatre facilement mis \u00e0 l&rsquo;\u00e9chelle ou modifi\u00e9s pour r\u00e9pondre \u00e0 l&rsquo;\u00e9volution des besoins. De plus, s&rsquo;il vous pla\u00eet \u00e0 l&rsquo;esprit que le PowerBeam 5AC peut coexister dans des r\u00e9seaux qui int\u00e8grent \u00e9galement des appareils UniFi, en particulier lorsqu&rsquo;ils utilisent des segments de r\u00e9seaux distincts. Cependant, il est important de noter que le PowerBeam fonctionne avec airOS et que les appareils UniFi sont g\u00e9r\u00e9s par le contr\u00f4leur UniFi. L&rsquo;interaction directe est limit\u00e9e en raison des diff\u00e9rentes technologies et des objectifs de ces s\u00e9ries, UniFi se concentre sur les r\u00e9seaux Wi-Fi int\u00e9rieurs et semi-ext\u00e9rieurs g\u00e9r\u00e9s et airMAX<\/span><\/span><\/span><\/div>\n<\/div>\n<\/div>\n<\/div>\n","protected":false},"featured_media":1765,"comment_status":"open","ping_status":"closed","template":"","meta":{"_joinchat":[]},"product_brand":[90],"product_cat":[85,35],"product_tag":[],"class_list":{"0":"post-1763","1":"product","2":"type-product","3":"status-publish","4":"has-post-thumbnail","6":"product_brand-ubiquiti","7":"product_cat-antenne","8":"product_cat-informatiques","10":"first","11":"instock","12":"shipping-taxable","13":"product-type-simple"},"_links":{"self":[{"href":"http:\/\/kraltechnologie.net\/index.php\/wp-json\/wp\/v2\/product\/1763","targetHints":{"allow":["GET"]}}],"collection":[{"href":"http:\/\/kraltechnologie.net\/index.php\/wp-json\/wp\/v2\/product"}],"about":[{"href":"http:\/\/kraltechnologie.net\/index.php\/wp-json\/wp\/v2\/types\/product"}],"replies":[{"embeddable":true,"href":"http:\/\/kraltechnologie.net\/index.php\/wp-json\/wp\/v2\/comments?post=1763"}],"version-history":[{"count":3,"href":"http:\/\/kraltechnologie.net\/index.php\/wp-json\/wp\/v2\/product\/1763\/revisions"}],"predecessor-version":[{"id":1981,"href":"http:\/\/kraltechnologie.net\/index.php\/wp-json\/wp\/v2\/product\/1763\/revisions\/1981"}],"wp:featuredmedia":[{"embeddable":true,"href":"http:\/\/kraltechnologie.net\/index.php\/wp-json\/wp\/v2\/media\/1765"}],"wp:attachment":[{"href":"http:\/\/kraltechnologie.net\/index.php\/wp-json\/wp\/v2\/media?parent=1763"}],"wp:term":[{"taxonomy":"product_brand","embeddable":true,"href":"http:\/\/kraltechnologie.net\/index.php\/wp-json\/wp\/v2\/product_brand?post=1763"},{"taxonomy":"product_cat","embeddable":true,"href":"http:\/\/kraltechnologie.net\/index.php\/wp-json\/wp\/v2\/product_cat?post=1763"},{"taxonomy":"product_tag","embeddable":true,"href":"http:\/\/kraltechnologie.net\/index.php\/wp-json\/wp\/v2\/product_tag?post=1763"}],"curies":[{"name":"wp","href":"https:\/\/api.w.org\/{rel}","templated":true}]}}