{"id":1773,"date":"2025-04-18T12:57:11","date_gmt":"2025-04-18T12:57:11","guid":{"rendered":"https:\/\/kraltechnologie.net\/?post_type=product&#038;p=1773"},"modified":"2025-04-18T12:57:12","modified_gmt":"2025-04-18T12:57:12","slug":"ubiquiti-poe-adapter-poe-48-0-5a-g-gigabit","status":"publish","type":"product","link":"http:\/\/kraltechnologie.net\/index.php\/product\/ubiquiti-poe-adapter-poe-48-0-5a-g-gigabit\/","title":{"rendered":"UBiQUiTi POE ADAPTER \u2013 POE-48-0.5A-G Gigabit"},"content":{"rendered":"<p>Adaptateurs PoE Ubiquiti 48 V DC offrant une vari\u00e9t\u00e9 de fonctionnalit\u00e9s pour aider \u00e0 prot\u00e9ger vos appareils PoE.<\/p>\n","protected":false},"excerpt":{"rendered":"<table id=\"product-attribute-specs-table\" class=\"data-table\">\n<colgroup>\n<col width=\"25%\" \/>\n<col \/><\/colgroup>\n<tbody>\n<tr>\n<th colspan=\"100%\"><span>POE-48-24W-G<\/span><\/th>\n<\/tr>\n<tr>\n<td class=\"key\"><span>Dimensions<\/span><\/td>\n<td class=\"value\"><span>92 x 60 x 33 mm (3,6 x 2,4 x 1,3&Prime;)<\/span><\/td>\n<\/tr>\n<tr>\n<td class=\"key\"><span>Poids<\/span><\/td>\n<td class=\"value\"><span>159 g (5,6 oz)<\/span><\/td>\n<\/tr>\n<tr>\n<td class=\"key\"><span>Tension de sortie<\/span><\/td>\n<td class=\"value\"><span>48 V CC \u00e0 0,5 A<\/span><\/td>\n<\/tr>\n<tr>\n<td class=\"key\"><span>Indicateur d&rsquo;activit\u00e9 LAN<\/span><\/td>\n<td class=\"value\"><span>Non<\/span><\/td>\n<\/tr>\n<tr>\n<td class=\"key\"><span>Port LAN Gigabit<\/span><\/td>\n<td class=\"value\"><span>Oui<\/span><\/td>\n<\/tr>\n<tr>\n<td class=\"key\"><span>Capacit\u00e9 de r\u00e9initialisation \u00e0 distance<\/span><\/td>\n<td class=\"value\"><span>Non<\/span><\/td>\n<\/tr>\n<tr>\n<td class=\"key\"><span>bouton de r\u00e9initialisation<\/span><\/td>\n<td class=\"value\"><span>Non<\/span><\/td>\n<\/tr>\n<tr>\n<td class=\"key\"><span>Tension nominale<\/span><\/td>\n<td class=\"value\"><span>100-240 V CA \u00e0 50\/60 Hz<\/span><\/td>\n<\/tr>\n<tr>\n<td class=\"key\"><span>Courant d&rsquo;entr\u00e9e<\/span><\/td>\n<td class=\"value\"><span>0,6 A \u00e0 120 V CA, 0,4 A \u00e0 240 V CA<\/span><\/td>\n<\/tr>\n<tr>\n<td class=\"key\"><span>Courant d&rsquo;appel<\/span><\/td>\n<td class=\"value\"><span>&lt;65A cr\u00eate \u00e0 120V CA, &lt;130A cr\u00eate \u00e0 230V CA<\/span><\/td>\n<\/tr>\n<tr>\n<td class=\"key\"><span>Efficacit\u00e9<\/span><\/td>\n<td class=\"value\"><span>80+%<\/span><\/td>\n<\/tr>\n<tr>\n<td class=\"key\"><span>Ondulation de sortie<\/span><\/td>\n<td class=\"value\"><span>1% Max.<\/span><\/td>\n<\/tr>\n<tr>\n<td class=\"key\"><span>Fr\u00e9quence de commutation<\/span><\/td>\n<td class=\"value\"><span>65 kHz<\/span><\/td>\n<\/tr>\n<tr>\n<td class=\"key\"><span>R\u00e9gulation de ligne<\/span><\/td>\n<td class=\"value\"><span>\u2264 3%<\/span><\/td>\n<\/tr>\n<tr>\n<td class=\"key\"><span>R\u00e9gulation de charge<\/span><\/td>\n<td class=\"value\"><span>\u2264 5%<\/span><\/td>\n<\/tr>\n<tr>\n<td class=\"key\"><span>Alimentation \u00e0 2 paires<\/span><\/td>\n<td class=\"value\"><span>Broches 4, 5 (+) et broches 7, 8 (-)<\/span><\/td>\n<\/tr>\n<tr>\n<td class=\"key\"><span>Alimentation \u00e0 4 paires<\/span><\/td>\n<td class=\"value\"><span>\u2013<\/span><\/td>\n<\/tr>\n<tr>\n<td class=\"key\"><span>Temp\u00e9rature de stockage<\/span><\/td>\n<td class=\"value\"><span>-30 \u00e0 70\u00b0C (-22 \u00e0 158\u00b0 F)<\/span><\/td>\n<\/tr>\n<tr>\n<td class=\"key\"><span>Temp\u00e9rature ambiante de fonctionnement<\/span><\/td>\n<td class=\"value\"><span>0 \u00e0 40\u00b0 C (32 \u00e0 104\u00b0 F)<\/span><\/td>\n<\/tr>\n<tr>\n<td class=\"key\"><span>Humidit\u00e9 ambiante de fonctionnement<\/span><\/td>\n<td class=\"value\"><span>35 \u00e0 95 % sans condensation<\/span><\/td>\n<\/tr>\n<tr>\n<td class=\"key\"><span>connecteur CA<\/span><\/td>\n<td class=\"value\"><span>IEC-320 C6<\/span><\/td>\n<\/tr>\n<tr>\n<td class=\"key\"><span>Entr\u00e9e de donn\u00e9es \/ PoE<\/span><\/td>\n<td class=\"value\"><span>prise RJ45 blind\u00e9e<\/span><\/td>\n<\/tr>\n<tr>\n<td class=\"key\"><span>Protection contre les surtensions<\/span><\/td>\n<td class=\"value\"><span>Diff\u00e9rence et mode commun<\/span><\/td>\n<\/tr>\n<tr>\n<td class=\"key\"><span>Protection de serrage<\/span><\/td>\n<td class=\"value\"><span>Donn\u00e9es 11 V, alimentation 60 V<\/span><\/td>\n<\/tr>\n<tr>\n<td class=\"key\"><span>D\u00e9charge de surtension max.<\/span><\/td>\n<td class=\"value\"><span>Puissance de 1500 A (8\/20 \u03bcs)<\/span><\/td>\n<\/tr>\n<tr>\n<td class=\"key\"><span>Courant d&rsquo;impulsion de cr\u00eate<\/span><\/td>\n<td class=\"value\"><span>Donn\u00e9es 36A (10\/1000 \u03bcs)<\/span><\/td>\n<\/tr>\n<tr>\n<td class=\"key\"><span>Capacit\u00e9 de d\u00e9rivation<\/span><\/td>\n<td class=\"value\"><span>Donn\u00e9es &lt;5 pF<\/span><\/td>\n<\/tr>\n<tr>\n<td class=\"key\"><span>Temps de r\u00e9ponse<\/span><\/td>\n<td class=\"value\"><span>&lt;1 ns<\/span><\/td>\n<\/tr>\n<tr>\n<td class=\"key\"><span>Certifications<\/span><\/td>\n<td class=\"value\"><span>CE, FCC, IC, UL<\/span><\/td>\n<\/tr>\n<tr>\n<td class=\"key\"><span>Conforme \u00e0 la NDAA<\/span><\/td>\n<td class=\"value\"><span>Oui<\/span><\/td>\n<\/tr>\n<\/tbody>\n<\/table>\n","protected":false},"featured_media":1774,"comment_status":"open","ping_status":"closed","template":"","meta":{"_joinchat":[]},"product_brand":[90],"product_cat":[35,91],"product_tag":[],"class_list":{"0":"post-1773","1":"product","2":"type-product","3":"status-publish","4":"has-post-thumbnail","6":"product_brand-ubiquiti","7":"product_cat-informatiques","8":"product_cat-poe-injecteur","10":"first","11":"instock","12":"shipping-taxable","13":"product-type-simple"},"_links":{"self":[{"href":"http:\/\/kraltechnologie.net\/index.php\/wp-json\/wp\/v2\/product\/1773","targetHints":{"allow":["GET"]}}],"collection":[{"href":"http:\/\/kraltechnologie.net\/index.php\/wp-json\/wp\/v2\/product"}],"about":[{"href":"http:\/\/kraltechnologie.net\/index.php\/wp-json\/wp\/v2\/types\/product"}],"replies":[{"embeddable":true,"href":"http:\/\/kraltechnologie.net\/index.php\/wp-json\/wp\/v2\/comments?post=1773"}],"version-history":[{"count":1,"href":"http:\/\/kraltechnologie.net\/index.php\/wp-json\/wp\/v2\/product\/1773\/revisions"}],"predecessor-version":[{"id":1775,"href":"http:\/\/kraltechnologie.net\/index.php\/wp-json\/wp\/v2\/product\/1773\/revisions\/1775"}],"wp:featuredmedia":[{"embeddable":true,"href":"http:\/\/kraltechnologie.net\/index.php\/wp-json\/wp\/v2\/media\/1774"}],"wp:attachment":[{"href":"http:\/\/kraltechnologie.net\/index.php\/wp-json\/wp\/v2\/media?parent=1773"}],"wp:term":[{"taxonomy":"product_brand","embeddable":true,"href":"http:\/\/kraltechnologie.net\/index.php\/wp-json\/wp\/v2\/product_brand?post=1773"},{"taxonomy":"product_cat","embeddable":true,"href":"http:\/\/kraltechnologie.net\/index.php\/wp-json\/wp\/v2\/product_cat?post=1773"},{"taxonomy":"product_tag","embeddable":true,"href":"http:\/\/kraltechnologie.net\/index.php\/wp-json\/wp\/v2\/product_tag?post=1773"}],"curies":[{"name":"wp","href":"https:\/\/api.w.org\/{rel}","templated":true}]}}