{"id":1780,"date":"2025-04-18T13:00:36","date_gmt":"2025-04-18T13:00:36","guid":{"rendered":"https:\/\/kraltechnologie.net\/?post_type=product&#038;p=1780"},"modified":"2025-04-18T13:03:19","modified_gmt":"2025-04-18T13:03:19","slug":"ubiquiti-unifi-switch-24poe-usw-24-poe","status":"publish","type":"product","link":"http:\/\/kraltechnologie.net\/index.php\/product\/ubiquiti-unifi-switch-24poe-usw-24-poe\/","title":{"rendered":"Ubiquiti UniFi Switch 24Poe (USW-24-Poe)"},"content":{"rendered":"<p>L\u2019USW 24 est un switch sans ventilateur enti\u00e8rement g\u00e9r\u00e9\u00a016 Ports Ethernet Gigabit et 2 liaisons montantes SFP. Ce commutateur dispose de 16 ports PoE+ avec un budget total de 95 Watts.<\/p>\n<p dir=\"ltr\" data-placeholder=\"Traduction\">L\u2019USW-24-POE dispose d\u2019un \u00e9cran tactile de 1,3\u2033 pour fournir des informations d\u2019\u00e9tat.<\/p>\n","protected":false},"excerpt":{"rendered":"<div class=\"sc-gg9xm2-1 jjEjYH\">\n<div class=\"sc-gg9xm2-2 kXfag\"><span>Aper\u00e7u<\/span><\/div>\n<\/div>\n<div class=\"sc-gg9xm2-1 jjEjYH\">\n<div class=\"sc-gg9xm2-4 cWhwca\"><span>Dimensions<\/span><\/div>\n<div class=\"sc-gg9xm2-4 cWhwca\"><span>442 x 200 x 44 mm (17,4 x 7,9 x 1,7&Prime;)<\/span><\/div>\n<\/div>\n<div class=\"sc-gg9xm2-1 jjEjYH\">\n<div class=\"sc-gg9xm2-4 cWhwca\"><span>Disposition du port<\/span><\/div>\n<\/div>\n<div class=\"sc-gg9xm2-1 jjEjYH\">\n<div class=\"sc-gg9xm2-5 kOMyKs\"><\/div>\n<div class=\"sc-gg9xm2-6 evhIrt\"><\/div>\n<div class=\"sc-gg9xm2-4 fqSZyF\"><span>1 GbE RJ45<\/span><\/div>\n<div class=\"sc-gg9xm2-4 cWhwca\"><span>24 (16 PoE+) (1G\/100M\/10M)<\/span><\/div>\n<\/div>\n<div class=\"sc-gg9xm2-1 jjEjYH\">\n<div class=\"sc-gg9xm2-5 gWPLTd\"><\/div>\n<div class=\"sc-gg9xm2-6 evhIrt\"><\/div>\n<div class=\"sc-gg9xm2-4 fqSZyF\"><span>SFP 1G<\/span><\/div>\n<div class=\"sc-gg9xm2-4 cWhwca\"><span>2<\/span><\/div>\n<\/div>\n<div class=\"sc-gg9xm2-1 jjEjYH\">\n<div class=\"sc-gg9xm2-4 cWhwca\"><span>Sortie PoE max.<\/span><\/div>\n<div class=\"sc-gg9xm2-4 cWhwca\"><span>Jusqu&rsquo;\u00e0 PoE+<\/span><\/div>\n<\/div>\n<div class=\"sc-gg9xm2-1 jjEjYH\">\n<div class=\"sc-gg9xm2-4 cWhwca\"><span>Disponibilit\u00e9 totale du PoE<\/span><\/div>\n<div class=\"sc-gg9xm2-4 cWhwca\"><span>95 W<\/span><\/div>\n<\/div>\n<div class=\"sc-gg9xm2-1 jjEjYH\">\n<div class=\"sc-gg9xm2-4 cWhwca\"><span>Facteur de forme<\/span><\/div>\n<div class=\"sc-gg9xm2-4 cWhwca\"><span>Montage en rack (1U)<\/span><\/div>\n<\/div>\n<div class=\"sc-gg9xm2-3 fXwwgh\"><\/div>\n<div class=\"sc-gg9xm2-1 jjEjYH\">\n<div class=\"sc-gg9xm2-2 kXfag\"><span>Performance<\/span><\/div>\n<\/div>\n<div class=\"sc-gg9xm2-1 jjEjYH\">\n<div class=\"sc-gg9xm2-4 cWhwca\"><span>Capacit\u00e9 de commutation<\/span><\/div>\n<div class=\"sc-gg9xm2-4 cWhwca\"><span>52 Gbit\/s<\/span><\/div>\n<\/div>\n<div class=\"sc-gg9xm2-1 jjEjYH\">\n<div class=\"sc-gg9xm2-4 cWhwca\"><span>D\u00e9bit total non bloquant<\/span><\/div>\n<div class=\"sc-gg9xm2-4 cWhwca\"><span>26 Gbit\/s<\/span><\/div>\n<\/div>\n<div class=\"sc-gg9xm2-1 jjEjYH\">\n<div class=\"sc-gg9xm2-4 cWhwca\"><span>Taux de transfert<\/span><\/div>\n<div class=\"sc-gg9xm2-4 cWhwca\"><span>39 d\u00e9put\u00e9s<\/span><\/div>\n<\/div>\n<div class=\"sc-gg9xm2-1 jjEjYH\">\n<div class=\"sc-gg9xm2-4 cWhwca\"><span>VLAN pris en charge<\/span><\/div>\n<div class=\"sc-gg9xm2-4 cWhwca\"><span>1 000<\/span><\/div>\n<\/div>\n<div class=\"sc-gg9xm2-1 jjEjYH\">\n<div class=\"sc-gg9xm2-4 cWhwca\"><span>Taille de la table d&rsquo;adresses MAC<\/span><\/div>\n<div class=\"sc-gg9xm2-4 cWhwca\"><span>8 000<\/span><\/div>\n<\/div>\n<div class=\"sc-gg9xm2-1 jjEjYH\">\n<div class=\"sc-gg9xm2-4 cWhwca\"><span>Taille du tampon de paquets<\/span><\/div>\n<div class=\"sc-gg9xm2-4 cWhwca\"><span>0,5 Mo<\/span><\/div>\n<\/div>\n<div class=\"sc-gg9xm2-3 fXwwgh\"><\/div>\n<div class=\"sc-gg9xm2-1 jjEjYH\">\n<div class=\"sc-gg9xm2-2 kXfag\"><span>Fonctionnalit\u00e9s de la couche 2<\/span><\/div>\n<\/div>\n<div class=\"sc-gg9xm2-1 jjEjYH\">\n<div class=\"sc-gg9xm2-4 cWhwca\"><span>Agr\u00e9gation de ports LACP<\/span><\/div>\n<div class=\"sc-gg9xm2-4 cWhwca\"><span>Oui<\/span><\/div>\n<\/div>\n<div class=\"sc-gg9xm2-1 jjEjYH\">\n<div class=\"sc-gg9xm2-4 cWhwca\"><span>STP et RSTP<\/span><\/div>\n<div class=\"sc-gg9xm2-4 cWhwca\"><span>Oui<\/span><\/div>\n<\/div>\n<div class=\"sc-gg9xm2-1 jjEjYH\">\n<div class=\"sc-gg9xm2-4 cWhwca\"><span>Configuration IGMP avanc\u00e9e (Querier, Fast Leave, Router Port)<\/span><\/div>\n<div class=\"sc-gg9xm2-4 cWhwca\"><span>Oui<\/span><\/div>\n<\/div>\n<div class=\"sc-gg9xm2-1 jjEjYH\">\n<div class=\"sc-gg9xm2-4 cWhwca\"><span>Surveillance IGMP<\/span><\/div>\n<div class=\"sc-gg9xm2-4 cWhwca\"><span>Oui<\/span><\/div>\n<\/div>\n<div class=\"sc-gg9xm2-1 jjEjYH\">\n<div class=\"sc-gg9xm2-4 cWhwca\"><span>Contr\u00f4le 802.1X<\/span><\/div>\n<div class=\"sc-gg9xm2-4 cWhwca\"><span>Oui<\/span><\/div>\n<\/div>\n<div class=\"sc-gg9xm2-1 jjEjYH\">\n<div class=\"sc-gg9xm2-4 cWhwca\"><span>Listes de contr\u00f4le d&rsquo;acc\u00e8s (ACL) bas\u00e9es sur MAC et isolation des p\u00e9riph\u00e9riques<\/span><\/div>\n<div class=\"sc-gg9xm2-4 cWhwca\"><span>Oui<\/span><\/div>\n<\/div>\n<div class=\"sc-gg9xm2-1 jjEjYH\">\n<div class=\"sc-gg9xm2-4 cWhwca\"><span>Surveillance et surveillance DHCP<\/span><\/div>\n<div class=\"sc-gg9xm2-4 cWhwca\"><span>Oui<\/span><\/div>\n<\/div>\n<div class=\"sc-gg9xm2-1 jjEjYH\">\n<div class=\"sc-gg9xm2-4 cWhwca\"><span>Limite de d\u00e9bit de sortie<\/span><\/div>\n<div class=\"sc-gg9xm2-4 cWhwca\"><span>Oui<\/span><\/div>\n<\/div>\n<div class=\"sc-gg9xm2-1 jjEjYH\">\n<div class=\"sc-gg9xm2-4 cWhwca\"><span>Contr\u00f4le de flux<\/span><\/div>\n<div class=\"sc-gg9xm2-4 cWhwca\"><span>Oui<\/span><\/div>\n<\/div>\n<div class=\"sc-gg9xm2-1 jjEjYH\">\n<div class=\"sc-gg9xm2-4 cWhwca\"><span>Contr\u00f4le des temp\u00eates<\/span><\/div>\n<div class=\"sc-gg9xm2-4 cWhwca\"><span>Oui<\/span><\/div>\n<\/div>\n<div class=\"sc-gg9xm2-1 jjEjYH\">\n<div class=\"sc-gg9xm2-4 cWhwca\"><span>Limitation du d\u00e9bit de multidiffusion et de diffusion<\/span><\/div>\n<div class=\"sc-gg9xm2-4 cWhwca\"><span>Oui<\/span><\/div>\n<\/div>\n<div class=\"sc-gg9xm2-1 jjEjYH\">\n<div class=\"sc-gg9xm2-4 cWhwca\"><span>Blocage d&rsquo;adresse MAC<\/span><\/div>\n<div class=\"sc-gg9xm2-4 cWhwca\"><span>Oui<\/span><\/div>\n<\/div>\n<div class=\"sc-gg9xm2-1 jjEjYH\">\n<div class=\"sc-gg9xm2-4 cWhwca\"><span>Listes de contr\u00f4le d&rsquo;acc\u00e8s (ACL) bas\u00e9es sur IP et isolation du r\u00e9seau<\/span><\/div>\n<div class=\"sc-gg9xm2-4 cWhwca\"><span>Oui<\/span><\/div>\n<\/div>\n<div class=\"sc-gg9xm2-1 jjEjYH\">\n<div class=\"sc-gg9xm2-4 cWhwca\"><span>Restriction de port bas\u00e9e sur MAC<\/span><\/div>\n<div class=\"sc-gg9xm2-4 cWhwca\"><span>Oui<\/span><\/div>\n<\/div>\n<div class=\"sc-gg9xm2-1 jjEjYH\">\n<div class=\"sc-gg9xm2-4 cWhwca\"><span>Isolation des ports<\/span><\/div>\n<div class=\"sc-gg9xm2-4 cWhwca\"><span>Oui<\/span><\/div>\n<\/div>\n<div class=\"sc-gg9xm2-1 jjEjYH\">\n<div class=\"sc-gg9xm2-4 cWhwca\"><span>Mise en miroir des ports<\/span><\/div>\n<div class=\"sc-gg9xm2-4 cWhwca\"><span>Oui<\/span><\/div>\n<\/div>\n<div class=\"sc-gg9xm2-1 jjEjYH\">\n<div class=\"sc-gg9xm2-4 cWhwca\"><span>Cadres Jumbo<\/span><\/div>\n<div class=\"sc-gg9xm2-4 cWhwca\"><span>Oui<\/span><\/div>\n<\/div>\n<div class=\"sc-gg9xm2-1 jjEjYH\">\n<div class=\"sc-gg9xm2-4 cWhwca\"><span>LLDP-MED<\/span><\/div>\n<div class=\"sc-gg9xm2-4 cWhwca\"><span>Oui<\/span><\/div>\n<\/div>\n<div class=\"sc-gg9xm2-1 jjEjYH\">\n<div class=\"sc-gg9xm2-4 cWhwca\"><span>VLAN vocal<\/span><\/div>\n<div class=\"sc-gg9xm2-4 cWhwca\"><span>Oui<\/span><\/div>\n<\/div>\n<div class=\"sc-gg9xm2-1 jjEjYH\">\n<div class=\"sc-gg9xm2-4 cWhwca\"><span>Protection de boucle<\/span><\/div>\n<div class=\"sc-gg9xm2-4 cWhwca\"><span>Oui<\/span><\/div>\n<\/div>\n<div class=\"sc-gg9xm2-3 fXwwgh\"><\/div>\n<div class=\"sc-gg9xm2-1 jjEjYH\">\n<div class=\"sc-gg9xm2-2 kXfag\"><span>Mat\u00e9riel<\/span><\/div>\n<\/div>\n<div class=\"sc-gg9xm2-1 jjEjYH\">\n<div class=\"sc-gg9xm2-4 cWhwca\"><span>Ports PoE<\/span><\/div>\n<\/div>\n<div class=\"sc-gg9xm2-1 jjEjYH\">\n<div class=\"sc-gg9xm2-5 gWPLTd\"><\/div>\n<div class=\"sc-gg9xm2-6 evhIrt\"><\/div>\n<div class=\"sc-gg9xm2-4 fqSZyF\"><span>PoE+<\/span><\/div>\n<div class=\"sc-gg9xm2-4 cWhwca\"><span>16<\/span><\/div>\n<\/div>\n<div class=\"sc-gg9xm2-1 jjEjYH\">\n<div class=\"sc-gg9xm2-4 cWhwca\"><span>Puissance PoE max. par port par PSE<\/span><\/div>\n<\/div>\n<div class=\"sc-gg9xm2-1 jjEjYH\">\n<div class=\"sc-gg9xm2-5 kOMyKs\"><\/div>\n<div class=\"sc-gg9xm2-6 evhIrt\"><\/div>\n<div class=\"sc-gg9xm2-4 fqSZyF\"><span>PoE<\/span><\/div>\n<div class=\"sc-gg9xm2-4 cWhwca\"><span>15,4 W<\/span><\/div>\n<\/div>\n<div class=\"sc-gg9xm2-1 jjEjYH\">\n<div class=\"sc-gg9xm2-5 gWPLTd\"><\/div>\n<div class=\"sc-gg9xm2-6 evhIrt\"><\/div>\n<div class=\"sc-gg9xm2-4 fqSZyF\"><span>PoE+<\/span><\/div>\n<div class=\"sc-gg9xm2-4 cWhwca\"><span>32W<\/span><\/div>\n<\/div>\n<div class=\"sc-gg9xm2-1 jjEjYH\">\n<div class=\"sc-gg9xm2-4 cWhwca\"><span>Consommation \u00e9lectrique maximale<\/span><\/div>\n<div class=\"sc-gg9xm2-4 cWhwca\"><span>25 W (hors sortie PoE) 120 W (sortie PoE incluse)<\/span><\/div>\n<\/div>\n<div class=\"sc-gg9xm2-1 jjEjYH\">\n<div class=\"sc-gg9xm2-4 cWhwca\"><span>M\u00e9thode de puissance<\/span><\/div>\n<div class=\"sc-gg9xm2-4 cWhwca\"><span>Entr\u00e9e universelle, 100-240 V CA, 50\/60 Hz<\/span><\/div>\n<\/div>\n<div class=\"sc-gg9xm2-1 jjEjYH\">\n<div class=\"sc-gg9xm2-4 cWhwca\"><span>M\u00e9thode d&rsquo;entr\u00e9e de puissance<\/span><\/div>\n<div class=\"sc-gg9xm2-4 cWhwca\"><span>entr\u00e9e CA<\/span><\/div>\n<\/div>\n<div class=\"sc-gg9xm2-1 jjEjYH\">\n<div class=\"sc-gg9xm2-4 cWhwca\"><span>Alimentation \u00e9lectrique<\/span><\/div>\n<div class=\"sc-gg9xm2-4 cWhwca\"><span>CA\/CC, interne, 120 W<\/span><\/div>\n<\/div>\n<div class=\"sc-gg9xm2-1 jjEjYH\">\n<div class=\"sc-gg9xm2-4 cWhwca\"><span>Plage de tension prise en charge<\/span><\/div>\n<div class=\"sc-gg9xm2-4 cWhwca\"><span>100-240 V CA<\/span><\/div>\n<\/div>\n<div class=\"sc-gg9xm2-1 jjEjYH\">\n<div class=\"sc-gg9xm2-4 cWhwca\"><span>Gestion<\/span><\/div>\n<div class=\"sc-gg9xm2-4 cWhwca\"><span>Ethernet AR<\/span><\/div>\n<\/div>\n<div class=\"sc-gg9xm2-1 jjEjYH\">\n<div class=\"sc-gg9xm2-4 cWhwca\"><span>Dissipation thermique (hors sortie PoE)<\/span><\/div>\n<div class=\"sc-gg9xm2-4 cWhwca\"><span>85,3 BTU\/h<\/span><\/div>\n<\/div>\n<div class=\"sc-gg9xm2-1 jjEjYH\">\n<div class=\"sc-gg9xm2-4 cWhwca\"><span>Poids<\/span><\/div>\n<div class=\"sc-gg9xm2-4 cWhwca\"><span>Sans supports de montage : 3 kg (6,6 lb) Avec supports de montage : 3,1 kg (6,8 lb)<\/span><\/div>\n<\/div>\n<div class=\"sc-gg9xm2-1 jjEjYH\">\n<div class=\"sc-gg9xm2-4 cWhwca\"><span>Mat\u00e9riau du bo\u00eetier<\/span><\/div>\n<div class=\"sc-gg9xm2-4 cWhwca\"><span>acier SGCC<\/span><\/div>\n<\/div>\n<div class=\"sc-gg9xm2-1 jjEjYH\">\n<div class=\"sc-gg9xm2-4 cWhwca\"><span>Profondeur de rack prise en charge<\/span><\/div>\n<div class=\"sc-gg9xm2-4 cWhwca\"><span>400 \u00e0 1\u00a0200 mm (15,7 \u00e0 47,2 po)<\/span><\/div>\n<\/div>\n<div class=\"sc-gg9xm2-1 jjEjYH\">\n<div class=\"sc-gg9xm2-4 cWhwca\"><span>Affichage LCM<\/span><\/div>\n<div class=\"sc-gg9xm2-4 cWhwca\"><span>\u00e9cran tactile de 1,3&Prime;<\/span><\/div>\n<\/div>\n<div class=\"sc-gg9xm2-1 jjEjYH\">\n<div class=\"sc-gg9xm2-4 cWhwca\"><span>Protection ESD\/EMP<\/span><\/div>\n<div class=\"sc-gg9xm2-4 cWhwca\"><span>Air : \u00b1 16 kV, contact : \u00b1 12 kV<\/span><\/div>\n<\/div>\n<div class=\"sc-gg9xm2-1 jjEjYH\">\n<div class=\"sc-gg9xm2-4 cWhwca\"><span>Temp\u00e9rature ambiante de fonctionnement<\/span><\/div>\n<div class=\"sc-gg9xm2-4 cWhwca\"><span>-5 \u00e0 40\u00b0 C (23 \u00e0 104\u00b0 F)<\/span><\/div>\n<\/div>\n<div class=\"sc-gg9xm2-1 jjEjYH\">\n<div class=\"sc-gg9xm2-4 cWhwca\"><span>Humidit\u00e9 ambiante de fonctionnement<\/span><\/div>\n<div class=\"sc-gg9xm2-4 cWhwca\"><span>10 \u00e0 90 % sans condensation<\/span><\/div>\n<\/div>\n<div class=\"sc-gg9xm2-1 jjEjYH\">\n<div class=\"sc-gg9xm2-4 cWhwca\"><span>Certifications<\/span><\/div>\n<div class=\"sc-gg9xm2-4 cWhwca\"><span>CE, FCC, IC<\/span><\/div>\n<\/div>\n<div class=\"sc-gg9xm2-1 jjEjYH\">\n<div class=\"sc-gg9xm2-4 cWhwca\"><span>Conforme \u00e0 la NDAA<\/span><\/div>\n<div class=\"sc-gg9xm2-4 cWhwca\"><span>Oui<\/span><\/div>\n<\/div>\n","protected":false},"featured_media":1781,"comment_status":"open","ping_status":"closed","template":"","meta":{"_joinchat":[]},"product_brand":[90],"product_cat":[35,84],"product_tag":[],"class_list":{"0":"post-1780","1":"product","2":"type-product","3":"status-publish","4":"has-post-thumbnail","6":"product_brand-ubiquiti","7":"product_cat-informatiques","8":"product_cat-switch","10":"first","11":"instock","12":"shipping-taxable","13":"product-type-simple"},"_links":{"self":[{"href":"http:\/\/kraltechnologie.net\/index.php\/wp-json\/wp\/v2\/product\/1780","targetHints":{"allow":["GET"]}}],"collection":[{"href":"http:\/\/kraltechnologie.net\/index.php\/wp-json\/wp\/v2\/product"}],"about":[{"href":"http:\/\/kraltechnologie.net\/index.php\/wp-json\/wp\/v2\/types\/product"}],"replies":[{"embeddable":true,"href":"http:\/\/kraltechnologie.net\/index.php\/wp-json\/wp\/v2\/comments?post=1780"}],"version-history":[{"count":1,"href":"http:\/\/kraltechnologie.net\/index.php\/wp-json\/wp\/v2\/product\/1780\/revisions"}],"predecessor-version":[{"id":1782,"href":"http:\/\/kraltechnologie.net\/index.php\/wp-json\/wp\/v2\/product\/1780\/revisions\/1782"}],"wp:featuredmedia":[{"embeddable":true,"href":"http:\/\/kraltechnologie.net\/index.php\/wp-json\/wp\/v2\/media\/1781"}],"wp:attachment":[{"href":"http:\/\/kraltechnologie.net\/index.php\/wp-json\/wp\/v2\/media?parent=1780"}],"wp:term":[{"taxonomy":"product_brand","embeddable":true,"href":"http:\/\/kraltechnologie.net\/index.php\/wp-json\/wp\/v2\/product_brand?post=1780"},{"taxonomy":"product_cat","embeddable":true,"href":"http:\/\/kraltechnologie.net\/index.php\/wp-json\/wp\/v2\/product_cat?post=1780"},{"taxonomy":"product_tag","embeddable":true,"href":"http:\/\/kraltechnologie.net\/index.php\/wp-json\/wp\/v2\/product_tag?post=1780"}],"curies":[{"name":"wp","href":"https:\/\/api.w.org\/{rel}","templated":true}]}}