{"id":1828,"date":"2025-04-22T13:45:34","date_gmt":"2025-04-22T13:45:34","guid":{"rendered":"https:\/\/kraltechnologie.net\/?post_type=product&#038;p=1828"},"modified":"2025-12-10T09:14:15","modified_gmt":"2025-12-10T09:14:15","slug":"tp-link-tl-sg1428pe","status":"publish","type":"product","link":"http:\/\/kraltechnologie.net\/index.php\/product\/tp-link-tl-sg1428pe\/","title":{"rendered":"TP-Link TL-SG1428PE"},"content":{"rendered":"<div class=\"box highlights\">\n<div class=\"box title\">\n<h1>Smart Switch Gigabit Easy 28 ports dont 24 ports POE+<\/h1>\n<\/div>\n<div class=\"box highlights\">\n<ul>\n<li>Switch 24 ports PoE + RJ45 10\/100\/1000 Mbps avec 2 emplacements SFP<\/li>\n<li>Le budget d&rsquo;alimentation PoE peut atteindre 250W*, ce qui le rend id\u00e9al pour les syst\u00e8mes de surveillance des petites et moyennes entreprises<\/li>\n<li>Le mode priorit\u00e9 permet de garantir la qualit\u00e9 des applications sensibles telles que la surveillance vid\u00e9o<\/li>\n<li>La restauration automatique PoE permet l&rsquo;auto-r\u00e9paration du syst\u00e8me pour garantir le fonctionnement stable des appareils connect\u00e9s PoE<\/li>\n<li>QoS est pour une exp\u00e9rience de navigation Internet fluide et IGMP Snooping est capable d&rsquo;optimiser le trafic pour IPTV<\/li>\n<li>La gestion intelligente de l&rsquo;alimentation peut prot\u00e9ger le commutateur contre les surcharges<\/li>\n<\/ul>\n<\/div>\n<\/div>\n","protected":false},"excerpt":{"rendered":"<table>\n<thead>\n<tr id=\"tr_603\">\n<th colspan=\"2\"><a>CARACTERISTIQUES MATERIELLES<\/a><\/th>\n<\/tr>\n<\/thead>\n<tbody>\n<tr id=\"tr_1079\">\n<th width=\"35%\">Standards et Protocoles<\/th>\n<td width=\"65%\">IEEE 802.3, IEEE 802.3u, IEEE 802.3ab, IEEE 802.3x<br \/>\nIEEE 802.3af, IEEE 802.3at, IEEE 802.1q, IEEE 802.1p<\/td>\n<\/tr>\n<tr id=\"tr_694\">\n<th width=\"35%\">Interface<\/th>\n<td width=\"65%\">26 10\/100\/1000 Mbps RJ45 Ports<br \/>\n2 Gigabit SFP Ports<\/td>\n<\/tr>\n<tr id=\"tr_1097\">\n<th width=\"35%\">Interface r\u00e9seau<\/th>\n<td width=\"65%\">10BASE-T: UTP category 3, 4, 5 cable (maximum 100m)<br \/>\nEIA\/TIA-568 100\u03a9 STP (maximum 100m)<br \/>\n100BASE-TX: UTP category 5, 5e cable (maximum 100m)<br \/>\nEIA\/TIA-568 100\u03a9 STP (maximum 100m)<br \/>\n1000BASE-T: UTP category 5, 5e, 6 or above cable (maximum 100m)<br \/>\nEIA\/TIA-568 100\u03a9 STP (maximum 100m)<br \/>\n1000BASE-X MMF, SMF<\/td>\n<\/tr>\n<tr id=\"tr_2336\">\n<th width=\"35%\">Nombre de ventilateurs<\/th>\n<td width=\"65%\">2 Fans<\/td>\n<\/tr>\n<tr id=\"tr_4027\">\n<th width=\"35%\">Syst\u00e8me de verrou physique<\/th>\n<td width=\"65%\">Yes<\/td>\n<\/tr>\n<tr id=\"tr_1111\">\n<th width=\"35%\">Alimentation<\/th>\n<td width=\"65%\">100-240V AC, 50\/60 Hz<\/td>\n<\/tr>\n<tr id=\"tr_1576\">\n<th width=\"35%\">Ports PoE (RJ45)<\/th>\n<td width=\"65%\">Standard: 802.3at\/802.3af compliant<br \/>\nPoE+ Ports: 24 Ports<br \/>\nPower Supply: 250 W<\/td>\n<\/tr>\n<tr id=\"tr_697\">\n<th width=\"35%\">Dimensions (LxPxH)<\/th>\n<td width=\"65%\">440 \u00d7 220 \u00d7 44 mm<\/td>\n<\/tr>\n<tr id=\"tr_4029\">\n<th width=\"35%\">Montage<\/th>\n<td width=\"65%\">Rack Mountable<\/td>\n<\/tr>\n<tr id=\"tr_5530\">\n<th width=\"35%\">Consommation maximale<\/th>\n<td width=\"65%\">27 W (220\/50Hz. no PD connected)<br \/>\n304.7 W (220\/50Hz. with 250 W PD connected)<\/td>\n<\/tr>\n<tr id=\"tr_5854\">\n<th width=\"35%\">Max dissipation thermique<\/th>\n<td width=\"65%\">92.07 BTU\/h (no PD connected)<br \/>\n1039.03 BTU\/h (with 250 W PD connected)<\/td>\n<\/tr>\n<\/tbody>\n<\/table>\n<table>\n<thead>\n<tr id=\"tr_1487\">\n<th colspan=\"2\"><a>Performances<\/a><\/th>\n<\/tr>\n<\/thead>\n<tbody>\n<tr id=\"tr_2879\">\n<th width=\"35%\">Capacit\u00e9 de commutation<\/th>\n<td width=\"65%\">56 Gbps<\/td>\n<\/tr>\n<tr id=\"tr_1496\">\n<th width=\"35%\">Taux de transfert de paquets<\/th>\n<td width=\"65%\">41.7 Mbps<\/td>\n<\/tr>\n<tr id=\"tr_1497\">\n<th width=\"35%\">Tableau d&rsquo;adresses MAC<\/th>\n<td width=\"65%\">8K<\/td>\n<\/tr>\n<tr id=\"tr_1498\">\n<th width=\"35%\">M\u00e9moire tampon des paquets<\/th>\n<td width=\"65%\">4.1 Mbit<\/td>\n<\/tr>\n<tr id=\"tr_1499\">\n<th width=\"35%\">Trame G\u00e9ante<\/th>\n<td width=\"65%\">9 KB<\/td>\n<\/tr>\n<\/tbody>\n<\/table>\n<table>\n<thead>\n<tr id=\"tr_605\">\n<th colspan=\"2\"><a>CARACTERISTIQUES LOGICIELLES<\/a><\/th>\n<\/tr>\n<\/thead>\n<tbody>\n<tr id=\"tr_708\">\n<th width=\"35%\">Qualit\u00e9 de Service QoS<\/th>\n<td width=\"65%\">Support Port-based 802.1p\/DSCP priority<br \/>\nSupport 4 priority queues<br \/>\nRate Limit<br \/>\nStorm Control<\/td>\n<\/tr>\n<tr id=\"tr_1139\">\n<th width=\"35%\">Fonctions N2<\/th>\n<td width=\"65%\">IGMP Snooping V1\/V2\/V3<br \/>\nStatic Link Aggregation<br \/>\nPort Mirroring<br \/>\nCable Diagnostics<br \/>\nLoop Prevention<br \/>\nPoE Auto Recovery<\/td>\n<\/tr>\n<tr id=\"tr_1135\">\n<th width=\"35%\">VLAN<\/th>\n<td width=\"65%\">Support up to 32 VLANs simultaneously (out of 4K VLAN IDs)<br \/>\nMTU\/Port\/Tag VLAN<\/td>\n<\/tr>\n<tr id=\"tr_713\">\n<th width=\"35%\">Administration<\/th>\n<td width=\"65%\">Web-Based GUI<br \/>\nEasy Smart Configuration Utility<\/td>\n<\/tr>\n<tr id=\"tr_1575\">\n<th width=\"35%\">M\u00e9thode de transmission<\/th>\n<td width=\"65%\">Store-And-Forward<\/td>\n<\/tr>\n<\/tbody>\n<\/table>\n<table>\n<thead>\n<tr id=\"tr_606\">\n<th colspan=\"2\"><a>Autres<\/a><\/th>\n<\/tr>\n<\/thead>\n<tbody>\n<tr id=\"tr_714\">\n<th width=\"35%\">Certification<\/th>\n<td width=\"65%\">CE, FCC, RoHS<\/td>\n<\/tr>\n<tr id=\"tr_715\">\n<th width=\"35%\">Contenu de l&#8217;emballage<\/th>\n<td width=\"65%\">TL-SG1428PE<br \/>\nPower Cord<br \/>\nInstallation Guide<br \/>\nRackmount Kit<br \/>\nRubber Feet<\/td>\n<\/tr>\n<tr id=\"tr_717\">\n<th width=\"35%\">Environnement<\/th>\n<td width=\"65%\">Operating Temperature: 0\u00b0C~50\u00b0C<br \/>\nStorage Temperature: -40\u00b0C~70\u00b0C<br \/>\nOperating Humidity: 10% ~ 90% non-condensing<br \/>\nStorage Humidity: 5%~90% non-condensing<\/td>\n<\/tr>\n<\/tbody>\n<\/table>\n","protected":false},"featured_media":1830,"comment_status":"open","ping_status":"closed","template":"","meta":{"_joinchat":[]},"product_brand":[89],"product_cat":[35,84],"product_tag":[],"class_list":{"0":"post-1828","1":"product","2":"type-product","3":"status-publish","4":"has-post-thumbnail","6":"product_brand-tp-link","7":"product_cat-informatiques","8":"product_cat-switch","10":"first","11":"instock","12":"shipping-taxable","13":"product-type-simple"},"_links":{"self":[{"href":"http:\/\/kraltechnologie.net\/index.php\/wp-json\/wp\/v2\/product\/1828","targetHints":{"allow":["GET"]}}],"collection":[{"href":"http:\/\/kraltechnologie.net\/index.php\/wp-json\/wp\/v2\/product"}],"about":[{"href":"http:\/\/kraltechnologie.net\/index.php\/wp-json\/wp\/v2\/types\/product"}],"replies":[{"embeddable":true,"href":"http:\/\/kraltechnologie.net\/index.php\/wp-json\/wp\/v2\/comments?post=1828"}],"version-history":[{"count":2,"href":"http:\/\/kraltechnologie.net\/index.php\/wp-json\/wp\/v2\/product\/1828\/revisions"}],"predecessor-version":[{"id":1832,"href":"http:\/\/kraltechnologie.net\/index.php\/wp-json\/wp\/v2\/product\/1828\/revisions\/1832"}],"wp:featuredmedia":[{"embeddable":true,"href":"http:\/\/kraltechnologie.net\/index.php\/wp-json\/wp\/v2\/media\/1830"}],"wp:attachment":[{"href":"http:\/\/kraltechnologie.net\/index.php\/wp-json\/wp\/v2\/media?parent=1828"}],"wp:term":[{"taxonomy":"product_brand","embeddable":true,"href":"http:\/\/kraltechnologie.net\/index.php\/wp-json\/wp\/v2\/product_brand?post=1828"},{"taxonomy":"product_cat","embeddable":true,"href":"http:\/\/kraltechnologie.net\/index.php\/wp-json\/wp\/v2\/product_cat?post=1828"},{"taxonomy":"product_tag","embeddable":true,"href":"http:\/\/kraltechnologie.net\/index.php\/wp-json\/wp\/v2\/product_tag?post=1828"}],"curies":[{"name":"wp","href":"https:\/\/api.w.org\/{rel}","templated":true}]}}