{"id":1835,"date":"2025-04-22T13:52:52","date_gmt":"2025-04-22T13:52:52","guid":{"rendered":"https:\/\/kraltechnologie.net\/?post_type=product&#038;p=1835"},"modified":"2025-04-22T13:54:14","modified_gmt":"2025-04-22T13:54:14","slug":"tp-link-ac1200","status":"publish","type":"product","link":"http:\/\/kraltechnologie.net\/index.php\/product\/tp-link-ac1200\/","title":{"rendered":"TP-Link AC1200"},"content":{"rendered":"<ul>\n<li><strong>WiFi\u00a0AC1200 bi-bande<\/strong>\u00a0\u2013 867 Mbps \u00e0 5 GHz et 400 Mbps \u00e0 2,4 GHz.<\/li>\n<li><strong>Technologie MU-MIMO<\/strong>\u00a0\u2013 Transf\u00e8re simultan\u00e9ment les donn\u00e9es vers plusieurs appareils pour des performances 2 fois plus rapides.<\/li>\n<li><strong>Couverture am\u00e9lior\u00e9e<\/strong>\u00a0\u2013 Quatre\u00a0antennes externes \u00e9quip\u00e9es de la technologie\u00a0Beamforming\u00a0\u00e9tendent et concentrent les signaux Wi-Fi.<\/li>\n<li><strong>Mode point d&rsquo;acc\u00e8s<\/strong>\u00a0\u2013 Prend en charge le mode AP pour\u00a0transformer\u00a0votre connexion filaire\u00a0en r\u00e9seau sans fil.<\/li>\n<li><strong>Configuration facile<\/strong>\u00a0\u2013 Configurez votre Wi-Fi en quelques minutes avec l&rsquo;application TP-Link Tether.<\/li>\n<li><b>Compatible EasyMesh :<\/b> cr\u00e9e de mani\u00e8re flexible un r\u00e9seau maill\u00e9 en se connectant \u00e0 un routeur compatible EasyMesh pour une couverture transparente dans toute la maison.<\/li>\n<\/ul>\n","protected":false},"excerpt":{"rendered":"<table>\n<thead>\n<tr id=\"tr_1525\">\n<th colspan=\"2\"><a>WIFI<\/a><\/th>\n<\/tr>\n<\/thead>\n<tbody>\n<tr id=\"tr_5924\">\n<th width=\"35%\">Standards and Protocols<\/th>\n<td width=\"65%\"><b>Wi-Fi 5<\/b><br \/>\nIEEE 802.11ac\/n\/a 5 GHz<br \/>\nIEEE 802.11n\/b\/g 2.4 GHz<\/td>\n<\/tr>\n<tr id=\"tr_5923\">\n<th width=\"35%\">D\u00e9bits WiFi<\/th>\n<td width=\"65%\"><b>AC1200<\/b><br \/>\n5 GHz: 867 Mbps (802.11ac)<br \/>\n2.4 GHz: 400 Mbps (802.11n)<\/td>\n<\/tr>\n<tr id=\"tr_5925\">\n<th width=\"35%\">Couverture WiFi<\/th>\n<td width=\"65%\"><b>3 Bedroom Houses<\/b><\/p>\n<hr \/>\n<p>4\u00d7 Fixed High-Performance Antennas<br \/>\nMultiple antennas form a signal-boosting array to cover more directions and large areas<\/p>\n<p>Beamforming<br \/>\nConcentrates wireless signal strength towards clients to expand WiFi range<\/td>\n<\/tr>\n<tr id=\"tr_5926\">\n<th width=\"35%\">Capacit\u00e9 WiFi<\/th>\n<td width=\"65%\"><b>Medium<\/b><\/p>\n<hr \/>\n<p>Dual-Band<br \/>\nAllocate devices to different bands for optimal performance<\/p>\n<p>MU-MIMO<br \/>\nSimultaneously communicates with multiple MU-MIMO clients<\/p>\n<p>Airtime Fairness<br \/>\nImproves network efficiency by limiting excessive occupation<\/td>\n<\/tr>\n<tr id=\"tr_5962\">\n<th width=\"35%\">Modes de Fonctionnement<\/th>\n<td width=\"65%\">Router Mode<br \/>\nAccess Point Mode<\/td>\n<\/tr>\n<\/tbody>\n<\/table>\n<table>\n<thead>\n<tr id=\"tr_1625\">\n<th colspan=\"2\"><a>S\u00e9curit\u00e9<\/a><\/th>\n<\/tr>\n<\/thead>\n<tbody>\n<tr id=\"tr_5933\">\n<th width=\"35%\">S\u00e9curit\u00e9 R\u00e9seau<\/th>\n<td width=\"65%\">SPI Firewall<br \/>\nAccess Control<br \/>\nIP &amp; MAC Binding<br \/>\nApplication Layer Gateway<\/td>\n<\/tr>\n<tr id=\"tr_5934\">\n<th width=\"35%\">R\u00e9seau Invit\u00e9<\/th>\n<td width=\"65%\">1\u00d7 5 GHz Guest Network<br \/>\n1\u00d7 2.4 GHz Guest Network<\/td>\n<\/tr>\n<tr id=\"tr_5932\">\n<th width=\"35%\">Chiffrement WiFi<\/th>\n<td width=\"65%\">WPA<br \/>\nWPA2<br \/>\nWPA3<br \/>\nWPA\/WPA2-Enterprise (802.1x)<\/td>\n<\/tr>\n<\/tbody>\n<\/table>\n<table>\n<thead>\n<tr id=\"tr_5793\">\n<th colspan=\"2\"><a>MATERIEL<\/a><\/th>\n<\/tr>\n<\/thead>\n<tbody>\n<tr id=\"tr_5929\">\n<th width=\"35%\">Ports Ethernet<\/th>\n<td width=\"65%\">1\u00d7 Gigabit WAN Port<br \/>\n4\u00d7 Gigabit LAN Ports<\/td>\n<\/tr>\n<tr id=\"tr_5851\">\n<th width=\"35%\">Boutons<\/th>\n<td width=\"65%\">WPS\/Wi-Fi Button<br \/>\nPower On\/Off Button<br \/>\nReset Button<\/td>\n<\/tr>\n<tr id=\"tr_5931\">\n<th width=\"35%\">Puissance<\/th>\n<td width=\"65%\">12 V \u2393 1 A<\/td>\n<\/tr>\n<\/tbody>\n<\/table>\n<table>\n<thead>\n<tr id=\"tr_5937\">\n<th colspan=\"2\"><a>LOGICIEL<\/a><\/th>\n<\/tr>\n<\/thead>\n<tbody>\n<tr id=\"tr_5963\">\n<th width=\"35%\">Protocoles<\/th>\n<td width=\"65%\">IPv4<br \/>\nIPv6<\/td>\n<\/tr>\n<tr id=\"tr_5941\">\n<th width=\"35%\">OneMesh\u2122<\/th>\n<td width=\"65%\">OneMesh\u2122 Supported<br \/>\nWithout replacing your existing devices or buying a whole new WiFi ecosystem, OneMesh\u2122 helps you create a more flexible network that covers your entire home with TP-Link OneMesh\u2122 products.<br \/>\n<a href=\"http:\/\/tp-link.com\/onemesh\/\">Learn More&gt;<\/a><br \/>\n<a href=\"https:\/\/www.tp-link.com\/onemesh\/product-list\/\">All OneMesh Products&gt;<\/a><\/td>\n<\/tr>\n<tr id=\"tr_5942\">\n<th width=\"35%\">Contr\u00f4le Parental<\/th>\n<td width=\"65%\">URL Filtering<br \/>\nTime Controls<\/td>\n<\/tr>\n<tr id=\"tr_5969\">\n<th width=\"35%\">Types WAN<\/th>\n<td width=\"65%\">Dynamic IP<br \/>\nStatic IP<br \/>\nPPPoE<br \/>\nPPTP<br \/>\nL2TP<\/td>\n<\/tr>\n<tr id=\"tr_5943\">\n<th width=\"35%\">Gestion des Priorit\u00e9s<\/th>\n<td width=\"65%\">QoS by Device<\/td>\n<\/tr>\n<tr id=\"tr_5945\">\n<th width=\"35%\">Service Cloud<\/th>\n<td width=\"65%\">OTA Firmware Upgrade<br \/>\nTP-Link ID<br \/>\nDDNS<\/td>\n<\/tr>\n<tr id=\"tr_5946\">\n<th width=\"35%\">Transfert NAT<\/th>\n<td width=\"65%\">Port Forwarding<br \/>\nPort Triggering<br \/>\nDMZ<br \/>\nUPnP<\/td>\n<\/tr>\n<tr id=\"tr_5947\">\n<th width=\"35%\">IPTV<\/th>\n<td width=\"65%\">IGMP Proxy<br \/>\nIGMP Snooping<br \/>\nBridge<br \/>\nTag VLAN<\/td>\n<\/tr>\n<tr id=\"tr_5948\">\n<th width=\"35%\">DHCP<\/th>\n<td width=\"65%\">Address Reservation<br \/>\nDHCP Client List<br \/>\nServer<\/td>\n<\/tr>\n<tr id=\"tr_5949\">\n<th width=\"35%\">DDNS<\/th>\n<td width=\"65%\">TP-Link<br \/>\nNO-IP<br \/>\nDynDNS<\/td>\n<\/tr>\n<tr id=\"tr_5950\">\n<th width=\"35%\">Administration<\/th>\n<td width=\"65%\">Tether App<br \/>\nWebpage<br \/>\n<a href=\"https:\/\/tp-link.com\/support\/download\/archer-c6\/#Emulators\">Check Web Emulator&gt;<\/a><\/td>\n<\/tr>\n<\/tbody>\n<\/table>\n<table>\n<thead>\n<tr id=\"tr_5970\">\n<th colspan=\"2\"><a>AUTRES<\/a><\/th>\n<\/tr>\n<\/thead>\n<tbody>\n<tr id=\"tr_5971\">\n<th width=\"35%\">Syst\u00e8mes Requis<\/th>\n<td width=\"65%\">Internet Explorer 11+, Firefox 12.0+, Chrome 20.0+, Safari 4.0+, or other JavaScript-enabled browser<\/p>\n<p>Cable or DSL Modem (if needed)<\/p>\n<p>Subscription with an internet service provider (for internet access)<\/td>\n<\/tr>\n<tr id=\"tr_5972\">\n<th width=\"35%\">Certifications<\/th>\n<td width=\"65%\">FCC, CE, RoHS<\/td>\n<\/tr>\n<tr id=\"tr_5973\">\n<th width=\"35%\">Environnement<\/th>\n<td width=\"65%\">Operating Temperature: 0\u2103~40\u2103<br \/>\nStorage Temperature: -40\u2103~70\u2103<br \/>\nOperating Humidity: 10%~90% non-condensing<br \/>\nStorage Humidity: 5%~90% non-condensing<\/td>\n<\/tr>\n<\/tbody>\n<\/table>\n<table>\n<thead>\n<tr id=\"tr_5959\">\n<th colspan=\"2\"><a>DONNEES DE TEST<\/a><\/th>\n<\/tr>\n<\/thead>\n<tbody>\n<tr id=\"tr_5960\">\n<th width=\"35%\">Puissance Transmission WiFi<\/th>\n<td width=\"65%\">CE EIRP:<br \/>\n&lt;20dBm(2.4GHz)<br \/>\n&lt;23dBm(5GHz)<br \/>\nFCC:<br \/>\n&lt;30dBm(2.4GHz &amp; 5GHz)<\/td>\n<\/tr>\n<tr id=\"tr_5961\">\n<th width=\"35%\">Sensibilit\u00e9 R\u00e9ception WiFi<\/th>\n<td width=\"65%\">5GHz:<br \/>\n11a 6Mbps:-93dBm\uff1b11a 54Mbps:-78dBm\uff1b<br \/>\n11ac HT20 mcs8:69dBm;11ac HT40 mcs9:-65dBm;<br \/>\n11ac HT80 mcs9:-62dBm;<br \/>\n2.4GHz:<br \/>\n11g 54Mbps:-78dBm;<br \/>\n11n HT20 mcs7:-74dBm;<br \/>\n11n HT40 mcs7:-71dbm\uff1b<\/td>\n<\/tr>\n<\/tbody>\n<\/table>\n<table>\n<thead>\n<tr id=\"tr_5964\">\n<th colspan=\"2\"><a>PHYSIQUE<\/a><\/th>\n<\/tr>\n<\/thead>\n<tbody>\n<tr id=\"tr_5965\">\n<th width=\"35%\">Dimensions (L\u00d7P\u00d7H)<\/th>\n<td width=\"65%\">215 \u00d7 117 \u00d7 32 mm<\/td>\n<\/tr>\n<tr id=\"tr_5967\">\n<th width=\"35%\">Contenu de la boite<\/th>\n<td width=\"65%\">Wi-Fi Router Archer C6<br \/>\nPower Adapter<br \/>\nRJ45 Ethernet Cable<br \/>\nQuick Installation Guide<\/td>\n<\/tr>\n<\/tbody>\n<\/table>\n","protected":false},"featured_media":1834,"comment_status":"open","ping_status":"closed","template":"","meta":{"_joinchat":[]},"product_brand":[89],"product_cat":[35,42],"product_tag":[],"class_list":{"0":"post-1835","1":"product","2":"type-product","3":"status-publish","4":"has-post-thumbnail","6":"product_brand-tp-link","7":"product_cat-informatiques","8":"product_cat-routeurs","10":"first","11":"instock","12":"shipping-taxable","13":"product-type-simple"},"_links":{"self":[{"href":"http:\/\/kraltechnologie.net\/index.php\/wp-json\/wp\/v2\/product\/1835","targetHints":{"allow":["GET"]}}],"collection":[{"href":"http:\/\/kraltechnologie.net\/index.php\/wp-json\/wp\/v2\/product"}],"about":[{"href":"http:\/\/kraltechnologie.net\/index.php\/wp-json\/wp\/v2\/types\/product"}],"replies":[{"embeddable":true,"href":"http:\/\/kraltechnologie.net\/index.php\/wp-json\/wp\/v2\/comments?post=1835"}],"version-history":[{"count":1,"href":"http:\/\/kraltechnologie.net\/index.php\/wp-json\/wp\/v2\/product\/1835\/revisions"}],"predecessor-version":[{"id":1836,"href":"http:\/\/kraltechnologie.net\/index.php\/wp-json\/wp\/v2\/product\/1835\/revisions\/1836"}],"wp:featuredmedia":[{"embeddable":true,"href":"http:\/\/kraltechnologie.net\/index.php\/wp-json\/wp\/v2\/media\/1834"}],"wp:attachment":[{"href":"http:\/\/kraltechnologie.net\/index.php\/wp-json\/wp\/v2\/media?parent=1835"}],"wp:term":[{"taxonomy":"product_brand","embeddable":true,"href":"http:\/\/kraltechnologie.net\/index.php\/wp-json\/wp\/v2\/product_brand?post=1835"},{"taxonomy":"product_cat","embeddable":true,"href":"http:\/\/kraltechnologie.net\/index.php\/wp-json\/wp\/v2\/product_cat?post=1835"},{"taxonomy":"product_tag","embeddable":true,"href":"http:\/\/kraltechnologie.net\/index.php\/wp-json\/wp\/v2\/product_tag?post=1835"}],"curies":[{"name":"wp","href":"https:\/\/api.w.org\/{rel}","templated":true}]}}