{"id":1805,"date":"2025-04-22T12:17:09","date_gmt":"2025-04-22T12:17:09","guid":{"rendered":"https:\/\/kraltechnologie.net\/?post_type=product&#038;p=1805"},"modified":"2025-04-22T12:20:55","modified_gmt":"2025-04-22T12:20:55","slug":"ubiquiti-dream-machine-pro","status":"publish","type":"product","link":"https:\/\/kraltechnologie.net\/index.php\/product\/ubiquiti-dream-machine-pro\/","title":{"rendered":"Ubiquiti Dream Machine Pro"},"content":{"rendered":"<p>UNIFI DREAM MACHINE PRO UBIQUITI \u2013 UDM-PRO<\/p>\n<p id=\"tw-target-text\" dir=\"ltr\" data-placeholder=\"Traduction\">UniFi Dream Machine Pro (UDM-Pro) est une appliance r\u00e9seau d\u2019entreprise tout-en-un.<\/p>\n<p dir=\"ltr\" data-placeholder=\"Traduction\">UDM-Pro int\u00e8gre tous les contr\u00f4leurs UniFi actuels et \u00e0 venir avec une passerelle de s\u00e9curit\u00e9, 10G SFP + WAN, un commutateur Gbps \u00e0 8 ports et une prise en charge du disque dur 3,5 \u201cstandard.<\/p>\n<p dir=\"ltr\" data-placeholder=\"Traduction\">Appliance rack 1U tout-en-un pour petites et moyennes entreprises<\/p>\n<p dir=\"ltr\" data-placeholder=\"Traduction\">Combine le nouveau syst\u00e8me d\u2019exploitation UniFi avec un commutateur \u00e0 8 ports et une passerelle de s\u00e9curit\u00e9 NVR de surveillance vid\u00e9o UniFi Protect avec prise en charge du disque dur 3,5 \u201cstandard<\/p>\n<p dir=\"ltr\" data-placeholder=\"Traduction\">Commutateur Gigabit 8 ports avec 1 Gbit \/ s RJ45 et 10G SFP + LAN Fonctionnalit\u00e9s IPS \/ IDS, DPI et Wi-Fi de classe entreprise Propuls\u00e9 par un processeur quad-core rapide de 1,7 GHz<\/p>\n","protected":false},"excerpt":{"rendered":"<div class=\"sc-gg9xm2-1 jjEjYH\">\n<div class=\"sc-gg9xm2-2 kXfag\">\n<div class=\"sc-14cjdti-12 dmhyQg\">Passerelle cloud 10 Gbit\/s avec plus de 100 appareils UniFi \/ prise en charge de plus de 1 000 clients et routage IPS 3,5 Gbit\/s.<\/div>\n<div class=\"sc-17lc73y-5 iLSKPZ sc-14cjdti-13 grVwQT\">\n<p><img loading=\"lazy\" decoding=\"async\" src=\"https:\/\/assets.ecomm.ui.com\/static\/key-features\/apps.svg\" width=\"20\" height=\"20\" data-type=\"icon\" data-icon=\"apps\" \/>Comprend une suite compl\u00e8te d\u2019applications UniFi pour la gestion des appareils<\/p>\n<p><img loading=\"lazy\" decoding=\"async\" src=\"https:\/\/assets.ecomm.ui.com\/static\/key-features\/streams.svg\" width=\"20\" height=\"20\" data-type=\"icon\" data-icon=\"streams\" \/>Routage 3,5+ Gbit\/s avec IDS\/IPS<\/p>\n<p><img loading=\"lazy\" decoding=\"async\" src=\"https:\/\/assets.ecomm.ui.com\/static\/key-features\/rj45_port.svg\" width=\"20\" height=\"20\" data-type=\"icon\" data-icon=\"rj45_port\" \/>(1) 10G SFP+*, (8) ports LAN GbE RJ45<\/p>\n<p><img loading=\"lazy\" decoding=\"async\" src=\"https:\/\/assets.ecomm.ui.com\/static\/key-features\/sfp.svg\" width=\"20\" height=\"20\" data-type=\"icon\" data-icon=\"sfp\" \/>(1) 10G SFP+*, (1) ports WAN GbE RJ45<\/p>\n<p><img loading=\"lazy\" decoding=\"async\" src=\"https:\/\/assets.ecomm.ui.com\/static\/key-features\/hdd.svg\" width=\"20\" height=\"20\" data-type=\"icon\" data-icon=\"hdd\" \/>Baie de disque dur NVR 3,5\u2033<\/p>\n<p><img loading=\"lazy\" decoding=\"async\" src=\"https:\/\/assets.ecomm.ui.com\/static\/key-features\/display.svg\" width=\"20\" height=\"20\" data-type=\"icon\" data-icon=\"display\" \/>\u00c9cran tactile 1,3\u2033<\/p>\n<\/div>\n<\/div>\n<\/div>\n","protected":false},"featured_media":1806,"comment_status":"open","ping_status":"closed","template":"","meta":{"_joinchat":[]},"product_brand":[90],"product_cat":[35,84],"product_tag":[],"class_list":{"0":"post-1805","1":"product","2":"type-product","3":"status-publish","4":"has-post-thumbnail","6":"product_brand-ubiquiti","7":"product_cat-informatiques","8":"product_cat-switch","10":"first","11":"instock","12":"shipping-taxable","13":"product-type-simple"},"_links":{"self":[{"href":"https:\/\/kraltechnologie.net\/index.php\/wp-json\/wp\/v2\/product\/1805","targetHints":{"allow":["GET"]}}],"collection":[{"href":"https:\/\/kraltechnologie.net\/index.php\/wp-json\/wp\/v2\/product"}],"about":[{"href":"https:\/\/kraltechnologie.net\/index.php\/wp-json\/wp\/v2\/types\/product"}],"replies":[{"embeddable":true,"href":"https:\/\/kraltechnologie.net\/index.php\/wp-json\/wp\/v2\/comments?post=1805"}],"version-history":[{"count":1,"href":"https:\/\/kraltechnologie.net\/index.php\/wp-json\/wp\/v2\/product\/1805\/revisions"}],"predecessor-version":[{"id":1807,"href":"https:\/\/kraltechnologie.net\/index.php\/wp-json\/wp\/v2\/product\/1805\/revisions\/1807"}],"wp:featuredmedia":[{"embeddable":true,"href":"https:\/\/kraltechnologie.net\/index.php\/wp-json\/wp\/v2\/media\/1806"}],"wp:attachment":[{"href":"https:\/\/kraltechnologie.net\/index.php\/wp-json\/wp\/v2\/media?parent=1805"}],"wp:term":[{"taxonomy":"product_brand","embeddable":true,"href":"https:\/\/kraltechnologie.net\/index.php\/wp-json\/wp\/v2\/product_brand?post=1805"},{"taxonomy":"product_cat","embeddable":true,"href":"https:\/\/kraltechnologie.net\/index.php\/wp-json\/wp\/v2\/product_cat?post=1805"},{"taxonomy":"product_tag","embeddable":true,"href":"https:\/\/kraltechnologie.net\/index.php\/wp-json\/wp\/v2\/product_tag?post=1805"}],"curies":[{"name":"wp","href":"https:\/\/api.w.org\/{rel}","templated":true}]}}